{"id":21,"date":"2016-07-26T17:56:57","date_gmt":"2016-07-26T15:56:57","guid":{"rendered":"http:\/\/groupeproexpo.com\/cjaec\/?page_id=21"},"modified":"2017-01-18T19:26:35","modified_gmt":"2017-01-19T00:26:35","slug":"soiree-gala","status":"publish","type":"page","link":"https:\/\/groupeproexpo.com\/cjaec\/soiree-gala\/","title":{"rendered":"Soir\u00e9e gala"},"content":{"rendered":"<p><a href=\"http:\/\/www.expo-champs.com\" target=\"_blank\"><img loading=\"lazy\" decoding=\"async\" class=\"alignnone wp-image-63 size-full\" src=\"http:\/\/groupeproexpo.com\/cjaec\/wp-content\/uploads\/sites\/2\/2016\/07\/expo-champs.jpg\" alt=\"Logo Expo-Champs\" width=\"289\" height=\"126\" \/>http:\/\/www.expo-champs.com<br \/>\n<\/a><\/p>\n<h2>Soir\u00e9e Gala<\/h2>\n<p>Date :<strong> 30\u00a0ao\u00fbt 2017<\/strong><br \/>\nLieu : <strong>CentreExpo Cogeco Drummondville<\/strong><br \/>\n550, de la rue St-Amant, Drummondville (Qu\u00e9bec) J2C 6Z3<br \/>\nCo\u00fbt : 75 $ \/ personne, taxes incluses (table de 8 personnes) (Comprend repas et spectacle)<\/p>\n<p>Cette soir\u00e9e gala sera le moment o\u00f9 chaque finaliste pourra pr\u00e9senter son entreprise et tenter de convaincre les membres du jury avant le grand d\u00e9voilement. Soyez pr\u00e9sent au Gala des Jeunes Agriculteurs d&rsquo;\u00c9lite du Canada, un \u00e9v\u00e9nement qui vous permettra de mieux conna\u00eetre ces personnes qui ont excell\u00e9 tout au long de leur profession et de partager avec elles des moments pr\u00e9cieux.<\/p>\n<div class=\"frm_forms  with_frm_style frm_style_style-formidable\" id=\"frm_form_3_container\" >\n<form enctype=\"multipart\/form-data\" method=\"post\" class=\"frm-show-form \" id=\"form_contact2\" >\n<div class=\"frm_form_fields \">\n<fieldset>\n<legend class=\"frm_hidden\">Soir\u00e9e Gala<\/legend>\r\n\r\n<div class=\"frm_fields_container\">\n<input type=\"hidden\" name=\"frm_action\" value=\"create\" \/>\n<input type=\"hidden\" name=\"form_id\" value=\"3\" \/>\n<input type=\"hidden\" name=\"frm_hide_fields_3\" id=\"frm_hide_fields_3\" value=\"\" \/>\n<input type=\"hidden\" name=\"form_key\" value=\"contact2\" \/>\n<input type=\"hidden\" name=\"item_meta[0]\" value=\"\" \/>\n<input type=\"hidden\" id=\"frm_submit_entry_3\" name=\"frm_submit_entry_3\" value=\"3975332c1e\" \/><input type=\"hidden\" name=\"_wp_http_referer\" value=\"\/cjaec\/wp-json\/wp\/v2\/pages\/21\" \/><div id=\"frm_field_8_container\" class=\"frm_form_field form-field  frm_required_field frm_top_container frm_first frm_full\">\r\n    <label for=\"field_qh4icy2\" class=\"frm_primary_label\">Nom de l'entreprise\r\n        <span class=\"frm_required\">*<\/span>\r\n    <\/label>\r\n    <input type=\"text\" id=\"field_qh4icy2\" name=\"item_meta[8]\" value=\"\"  maxlength=\"50\" data-reqmsg=\"Ce champ ne peut pas \u00eatre vide\" aria-required=\"true\" data-invmsg=\"Nom de l&#039;entreprise est non valide\" aria-invalid=\"false\"  \/>\r\n    \r\n    \r\n<\/div>\n<div id=\"frm_field_25_container\" class=\"frm_form_field form-field  frm_required_field frm_top_container frm_first frm_full\">\r\n    <label for=\"field_yfe6s\" class=\"frm_primary_label\">Adresse\r\n        <span class=\"frm_required\">*<\/span>\r\n    <\/label>\r\n    <input type=\"text\" id=\"field_yfe6s\" name=\"item_meta[25]\" value=\"\"  data-reqmsg=\"Ce champ ne peut pas \u00eatre vide\" aria-required=\"true\" data-invmsg=\"Adresse est non valide\" aria-invalid=\"false\"  \/>\r\n    \r\n    \r\n<\/div>\n<div id=\"frm_field_15_container\" class=\"frm_form_field form-field  frm_required_field frm_top_container frm_first\">\r\n    <label for=\"field_71kox\" class=\"frm_primary_label\">Ville\r\n        <span class=\"frm_required\">*<\/span>\r\n    <\/label>\r\n    <input type=\"text\" id=\"field_71kox\" name=\"item_meta[15]\" value=\"\"  data-reqmsg=\"Ce champ ne peut pas \u00eatre vide\" aria-required=\"true\" data-invmsg=\"Ville est non valide\" aria-invalid=\"false\"  \/>\r\n    \r\n    \r\n<\/div>\n<div id=\"frm_field_16_container\" class=\"frm_form_field form-field  frm_top_container frm_inline\">\r\n    <label for=\"field_bjxw2\" class=\"frm_primary_label\">Province\r\n        <span class=\"frm_required\"><\/span>\r\n    <\/label>\r\n    <input type=\"text\" id=\"field_bjxw2\" name=\"item_meta[16]\" value=\"\"  data-invmsg=\"Province est non valide\" aria-invalid=\"false\"  \/>\r\n    \r\n    \r\n<\/div>\n<div id=\"frm_field_17_container\" class=\"frm_form_field form-field  frm_required_field frm_top_container frm_inline\">\r\n    <label for=\"field_nfxdv\" class=\"frm_primary_label\">Code postal\r\n        <span class=\"frm_required\">*<\/span>\r\n    <\/label>\r\n    <input type=\"text\" id=\"field_nfxdv\" name=\"item_meta[17]\" value=\"\"  data-reqmsg=\"Ce champ ne peut pas \u00eatre vide\" aria-required=\"true\" data-invmsg=\"Code postal est non valide\" aria-invalid=\"false\"  \/>\r\n    \r\n    \r\n<\/div>\n<div id=\"frm_field_18_container\" class=\"frm_form_field form-field  frm_top_container frm_first\">\r\n    <label for=\"field_rfy7t\" class=\"frm_primary_label\">Pays\r\n        <span class=\"frm_required\"><\/span>\r\n    <\/label>\r\n    <input type=\"text\" id=\"field_rfy7t\" name=\"item_meta[18]\" value=\"\"  data-invmsg=\"Pays est non valide\" aria-invalid=\"false\"  \/>\r\n    \r\n    \r\n<\/div>\n<div id=\"frm_field_19_container\" class=\"frm_form_field form-field  frm_required_field frm_top_container frm_first\">\r\n    <label for=\"field_4gkn9\" class=\"frm_primary_label\">T\u00e9l\u00e9phone\r\n        <span class=\"frm_required\">*<\/span>\r\n    <\/label>\r\n    <input type=\"text\" id=\"field_4gkn9\" name=\"item_meta[19]\" value=\"\"  data-reqmsg=\"Ce champ ne peut pas \u00eatre vide\" aria-required=\"true\" data-invmsg=\"T\u00e9l\u00e9phone est non valide\" aria-invalid=\"false\"  \/>\r\n    \r\n    \r\n<\/div>\n<div id=\"frm_field_20_container\" class=\"frm_form_field form-field  frm_top_container frm_inline\">\r\n    <label for=\"field_7i7ct\" class=\"frm_primary_label\">Fax\r\n        <span class=\"frm_required\"><\/span>\r\n    <\/label>\r\n    <input type=\"text\" id=\"field_7i7ct\" name=\"item_meta[20]\" value=\"\"  data-invmsg=\"Fax est non valide\" aria-invalid=\"false\"  \/>\r\n    \r\n    \r\n<\/div>\n<div id=\"frm_field_10_container\" class=\"frm_form_field form-field  frm_required_field frm_top_container frm_first frm_full\">\r\n    <label for=\"field_29yf4d2\" class=\"frm_primary_label\">Courriel\r\n        <span class=\"frm_required\">*<\/span>\r\n    <\/label>\r\n    <input type=\"email\" id=\"field_29yf4d2\" name=\"item_meta[10]\" value=\"\"  data-reqmsg=\"Ce champ ne peut pas \u00eatre vide\" aria-required=\"true\" data-invmsg=\"Please enter a valid email address\" aria-invalid=\"false\"  \/>\r\n    \r\n    \r\n<\/div>\n<div id=\"frm_field_11_container\" class=\"frm_form_field form-field  frm_top_container frm_first frm_full\">\r\n    <label for=\"field_itt5me2\" class=\"frm_primary_label\">Site Internet\r\n        <span class=\"frm_required\"><\/span>\r\n    <\/label>\r\n    <input type=\"url\" id=\"field_itt5me2\" name=\"item_meta[11]\" value=\"\"  data-invmsg=\"Please enter a valid website\" aria-invalid=\"false\"  \/>\r\n    \r\n    \r\n<\/div>\n<div id=\"frm_field_21_container\" class=\"frm_form_field form-field  frm_required_field frm_top_container frm_first frm_full\">\r\n    <label for=\"field_fv4mi\" class=\"frm_primary_label\">Personne ressource\r\n        <span class=\"frm_required\">*<\/span>\r\n    <\/label>\r\n    <input type=\"text\" id=\"field_fv4mi\" name=\"item_meta[21]\" value=\"\"  data-reqmsg=\"Ce champ ne peut pas \u00eatre vide\" aria-required=\"true\" data-invmsg=\"Personne ressource est non valide\" aria-invalid=\"false\"  \/>\r\n    \r\n    \r\n<\/div>\n<div id=\"frm_field_22_container\" class=\"frm_form_field form-field  frm_top_container frm_first\">\r\n    <label for=\"field_yonhv\" class=\"frm_primary_label\">Nombre de couvert(s)\r\n        <span class=\"frm_required\"><\/span>\r\n    <\/label>\r\n    <input type=\"text\" id=\"field_yonhv\" name=\"item_meta[22]\" value=\"\"  data-invmsg=\"Nombre de couvert(s) est non valide\" aria-invalid=\"false\"   aria-describedby=\"frm_desc_field_yonhv\"\/>\r\n    <div id=\"frm_desc_field_yonhv\" class=\"frm_description\">(75 $ le couvert - taxes incluses)<\/div>\r\n    \r\n<\/div>\n<div id=\"frm_field_23_container\" class=\"frm_form_field form-field  frm_top_container frm_inline\">\r\n    <label for=\"field_15mte\" class=\"frm_primary_label\">ou nombre de table\r\n        <span class=\"frm_required\"><\/span>\r\n    <\/label>\r\n    <input type=\"text\" id=\"field_15mte\" name=\"item_meta[23]\" value=\"\"  data-invmsg=\"ou nombre de table est non valide\" aria-invalid=\"false\"   aria-describedby=\"frm_desc_field_15mte\"\/>\r\n    <div id=\"frm_desc_field_15mte\" class=\"frm_description\">(8 couverts par table)<\/div>\r\n    \r\n<\/div>\n<div id=\"frm_field_24_container\" class=\"frm_form_field form-field  frm_top_container frm_first\">\r\n    <label for=\"field_6i846\" class=\"frm_primary_label\">Co\u00fbt total\r\n        <span class=\"frm_required\"><\/span>\r\n    <\/label>\r\n    <input type=\"text\" id=\"field_6i846\" name=\"item_meta[24]\" value=\"\"  data-invmsg=\"Co\u00fbt total est non valide\" aria-invalid=\"false\"  \/>\r\n    \r\n    \r\n<\/div>\n<div id=\"frm_field_14_container\" class=\"frm_form_field form-field  frm_none_container\">\r\n    <label for=\"g-recaptcha-response\" class=\"frm_primary_label\">Captcha\r\n        <span class=\"frm_required\"><\/span>\r\n    <\/label>\r\n    \r\n    \r\n    \r\n<\/div>\n\t<input type=\"hidden\" name=\"item_key\" value=\"\" \/>\n\t<div class=\"frm_submit\">\r\n\r\n<input type=\"submit\" value=\"Envoyer\"  \/>\r\n<img decoding=\"async\" class=\"frm_ajax_loading\" src=\"https:\/\/groupeproexpo.com\/cjaec\/wp-content\/plugins\/formidable\/images\/ajax_loader.gif\" alt=\"Envoi\"\/>\r\n\r\n<\/div><\/div>\n<\/fieldset>\n<\/div>\n\n<\/form>\n<\/div>\n\n<p>&nbsp;<\/p>\n<hr \/>\n<p style=\"text-align: center;\">Ch\u00e8que \u00e0 l&rsquo;ordre de : <strong>Concours Jeunes Agriculteurs d&rsquo;\u00c9lites du Canada<\/strong><br \/>\nPour votre r\u00e9servation de chambre, \u00a0vous devez contacter l&rsquo;h\u00f4tel et<br \/>\nmentionner le code de groupe : <strong>AGRA290817<\/strong>.<br \/>\n<strong>H\u00f4tel Times<\/strong><br \/>\nT\u00e9l\u00e9phone : 418-877-0009<br \/>\nCo\u00fbt de la chambre : 149 $ plus taxes<\/p>\n<p style=\"text-align: center;\">Pour informations additionnelles,<br \/>\nveuillez contacter Mme. Francine Martin<br \/>\nau (418) 877-1919 ou <a href=\"mailto:info@groupeproexpo.com\">info@groupeproexpo.com<\/a><\/p>\n","protected":false},"excerpt":{"rendered":"<div class=\"mh-excerpt\"><p>http:\/\/www.expo-champs.com Soir\u00e9e Gala Date : 30\u00a0ao\u00fbt 2017 Lieu : CentreExpo Cogeco Drummondville 550, de la rue St-Amant, Drummondville (Qu\u00e9bec) J2C 6Z3 Co\u00fbt : 75 $ \/ personne, taxes incluses (table de 8 personnes) (Comprend repas <a class=\"mh-excerpt-more\" href=\"https:\/\/groupeproexpo.com\/cjaec\/soiree-gala\/\" title=\"Soir\u00e9e gala\">[&#8230;]<\/a><\/p>\n<\/div>","protected":false},"author":1,"featured_media":0,"parent":0,"menu_order":0,"comment_status":"closed","ping_status":"closed","template":"","meta":{"ngg_post_thumbnail":0,"footnotes":""},"class_list":["post-21","page","type-page","status-publish","hentry"],"yoast_head":"<!-- This site is optimized with the Yoast SEO plugin v24.4 - https:\/\/yoast.com\/wordpress\/plugins\/seo\/ -->\n<title>Soir\u00e9e gala - Concours des jeunes agriculteurs d&#039;\u00e9lite du Canada<\/title>\n<meta name=\"robots\" content=\"index, follow, max-snippet:-1, max-image-preview:large, max-video-preview:-1\" \/>\n<link rel=\"canonical\" href=\"https:\/\/groupeproexpo.com\/cjaec\/soiree-gala\/\" \/>\n<meta property=\"og:locale\" content=\"fr_FR\" \/>\n<meta property=\"og:type\" content=\"article\" \/>\n<meta property=\"og:title\" content=\"Soir\u00e9e gala - Concours des jeunes agriculteurs d&#039;\u00e9lite du Canada\" \/>\n<meta property=\"og:description\" content=\"http:\/\/www.expo-champs.com Soir\u00e9e Gala Date : 30\u00a0ao\u00fbt 2017 Lieu : CentreExpo Cogeco Drummondville 550, de la rue St-Amant, Drummondville (Qu\u00e9bec) J2C 6Z3 Co\u00fbt : 75 $ \/ personne, taxes incluses (table de 8 personnes) (Comprend repas [...]\" \/>\n<meta property=\"og:url\" content=\"https:\/\/groupeproexpo.com\/cjaec\/soiree-gala\/\" \/>\n<meta property=\"og:site_name\" content=\"Concours des jeunes agriculteurs d&#039;\u00e9lite du Canada\" \/>\n<meta property=\"article:modified_time\" content=\"2017-01-19T00:26:35+00:00\" \/>\n<meta property=\"og:image\" content=\"https:\/\/groupeproexpo.com\/cjaec\/wp-content\/uploads\/sites\/2\/2016\/07\/expo-champs.jpg\" \/>\n\t<meta property=\"og:image:width\" content=\"289\" \/>\n\t<meta property=\"og:image:height\" content=\"126\" \/>\n\t<meta property=\"og:image:type\" content=\"image\/jpeg\" \/>\n<meta name=\"twitter:card\" content=\"summary_large_image\" \/>\n<meta name=\"twitter:label1\" content=\"Dur\u00e9e de lecture estim\u00e9e\" \/>\n\t<meta name=\"twitter:data1\" content=\"1 minute\" \/>\n<script type=\"application\/ld+json\" class=\"yoast-schema-graph\">{\"@context\":\"https:\/\/schema.org\",\"@graph\":[{\"@type\":\"WebPage\",\"@id\":\"https:\/\/groupeproexpo.com\/cjaec\/soiree-gala\/\",\"url\":\"https:\/\/groupeproexpo.com\/cjaec\/soiree-gala\/\",\"name\":\"Soir\u00e9e gala - Concours des jeunes agriculteurs d&#039;\u00e9lite du Canada\",\"isPartOf\":{\"@id\":\"https:\/\/groupeproexpo.com\/cjaec\/#website\"},\"primaryImageOfPage\":{\"@id\":\"https:\/\/groupeproexpo.com\/cjaec\/soiree-gala\/#primaryimage\"},\"image\":{\"@id\":\"https:\/\/groupeproexpo.com\/cjaec\/soiree-gala\/#primaryimage\"},\"thumbnailUrl\":\"http:\/\/groupeproexpo.com\/cjaec\/wp-content\/uploads\/sites\/2\/2016\/07\/expo-champs.jpg\",\"datePublished\":\"2016-07-26T15:56:57+00:00\",\"dateModified\":\"2017-01-19T00:26:35+00:00\",\"breadcrumb\":{\"@id\":\"https:\/\/groupeproexpo.com\/cjaec\/soiree-gala\/#breadcrumb\"},\"inLanguage\":\"fr-FR\",\"potentialAction\":[{\"@type\":\"ReadAction\",\"target\":[\"https:\/\/groupeproexpo.com\/cjaec\/soiree-gala\/\"]}]},{\"@type\":\"ImageObject\",\"inLanguage\":\"fr-FR\",\"@id\":\"https:\/\/groupeproexpo.com\/cjaec\/soiree-gala\/#primaryimage\",\"url\":\"http:\/\/groupeproexpo.com\/cjaec\/wp-content\/uploads\/sites\/2\/2016\/07\/expo-champs.jpg\",\"contentUrl\":\"http:\/\/groupeproexpo.com\/cjaec\/wp-content\/uploads\/sites\/2\/2016\/07\/expo-champs.jpg\"},{\"@type\":\"BreadcrumbList\",\"@id\":\"https:\/\/groupeproexpo.com\/cjaec\/soiree-gala\/#breadcrumb\",\"itemListElement\":[{\"@type\":\"ListItem\",\"position\":1,\"name\":\"Accueil\",\"item\":\"https:\/\/groupeproexpo.com\/cjaec\/\"},{\"@type\":\"ListItem\",\"position\":2,\"name\":\"Soir\u00e9e gala\"}]},{\"@type\":\"WebSite\",\"@id\":\"https:\/\/groupeproexpo.com\/cjaec\/#website\",\"url\":\"https:\/\/groupeproexpo.com\/cjaec\/\",\"name\":\"Concours des jeunes agriculteurs d&#039;\u00e9lite du Canada\",\"description\":\"Section Qu\u00e9bec\",\"potentialAction\":[{\"@type\":\"SearchAction\",\"target\":{\"@type\":\"EntryPoint\",\"urlTemplate\":\"https:\/\/groupeproexpo.com\/cjaec\/?s={search_term_string}\"},\"query-input\":{\"@type\":\"PropertyValueSpecification\",\"valueRequired\":true,\"valueName\":\"search_term_string\"}}],\"inLanguage\":\"fr-FR\"}]}<\/script>\n<!-- \/ Yoast SEO plugin. -->","yoast_head_json":{"title":"Soir\u00e9e gala - Concours des jeunes agriculteurs d&#039;\u00e9lite du Canada","robots":{"index":"index","follow":"follow","max-snippet":"max-snippet:-1","max-image-preview":"max-image-preview:large","max-video-preview":"max-video-preview:-1"},"canonical":"https:\/\/groupeproexpo.com\/cjaec\/soiree-gala\/","og_locale":"fr_FR","og_type":"article","og_title":"Soir\u00e9e gala - Concours des jeunes agriculteurs d&#039;\u00e9lite du Canada","og_description":"http:\/\/www.expo-champs.com Soir\u00e9e Gala Date : 30\u00a0ao\u00fbt 2017 Lieu : CentreExpo Cogeco Drummondville 550, de la rue St-Amant, Drummondville (Qu\u00e9bec) J2C 6Z3 Co\u00fbt : 75 $ \/ personne, taxes incluses (table de 8 personnes) (Comprend repas [...]","og_url":"https:\/\/groupeproexpo.com\/cjaec\/soiree-gala\/","og_site_name":"Concours des jeunes agriculteurs d&#039;\u00e9lite du Canada","article_modified_time":"2017-01-19T00:26:35+00:00","og_image":[{"width":289,"height":126,"url":"https:\/\/groupeproexpo.com\/cjaec\/wp-content\/uploads\/sites\/2\/2016\/07\/expo-champs.jpg","type":"image\/jpeg"}],"twitter_card":"summary_large_image","twitter_misc":{"Dur\u00e9e de lecture estim\u00e9e":"1 minute"},"schema":{"@context":"https:\/\/schema.org","@graph":[{"@type":"WebPage","@id":"https:\/\/groupeproexpo.com\/cjaec\/soiree-gala\/","url":"https:\/\/groupeproexpo.com\/cjaec\/soiree-gala\/","name":"Soir\u00e9e gala - Concours des jeunes agriculteurs d&#039;\u00e9lite du Canada","isPartOf":{"@id":"https:\/\/groupeproexpo.com\/cjaec\/#website"},"primaryImageOfPage":{"@id":"https:\/\/groupeproexpo.com\/cjaec\/soiree-gala\/#primaryimage"},"image":{"@id":"https:\/\/groupeproexpo.com\/cjaec\/soiree-gala\/#primaryimage"},"thumbnailUrl":"http:\/\/groupeproexpo.com\/cjaec\/wp-content\/uploads\/sites\/2\/2016\/07\/expo-champs.jpg","datePublished":"2016-07-26T15:56:57+00:00","dateModified":"2017-01-19T00:26:35+00:00","breadcrumb":{"@id":"https:\/\/groupeproexpo.com\/cjaec\/soiree-gala\/#breadcrumb"},"inLanguage":"fr-FR","potentialAction":[{"@type":"ReadAction","target":["https:\/\/groupeproexpo.com\/cjaec\/soiree-gala\/"]}]},{"@type":"ImageObject","inLanguage":"fr-FR","@id":"https:\/\/groupeproexpo.com\/cjaec\/soiree-gala\/#primaryimage","url":"http:\/\/groupeproexpo.com\/cjaec\/wp-content\/uploads\/sites\/2\/2016\/07\/expo-champs.jpg","contentUrl":"http:\/\/groupeproexpo.com\/cjaec\/wp-content\/uploads\/sites\/2\/2016\/07\/expo-champs.jpg"},{"@type":"BreadcrumbList","@id":"https:\/\/groupeproexpo.com\/cjaec\/soiree-gala\/#breadcrumb","itemListElement":[{"@type":"ListItem","position":1,"name":"Accueil","item":"https:\/\/groupeproexpo.com\/cjaec\/"},{"@type":"ListItem","position":2,"name":"Soir\u00e9e gala"}]},{"@type":"WebSite","@id":"https:\/\/groupeproexpo.com\/cjaec\/#website","url":"https:\/\/groupeproexpo.com\/cjaec\/","name":"Concours des jeunes agriculteurs d&#039;\u00e9lite du Canada","description":"Section Qu\u00e9bec","potentialAction":[{"@type":"SearchAction","target":{"@type":"EntryPoint","urlTemplate":"https:\/\/groupeproexpo.com\/cjaec\/?s={search_term_string}"},"query-input":{"@type":"PropertyValueSpecification","valueRequired":true,"valueName":"search_term_string"}}],"inLanguage":"fr-FR"}]}},"_links":{"self":[{"href":"https:\/\/groupeproexpo.com\/cjaec\/wp-json\/wp\/v2\/pages\/21","targetHints":{"allow":["GET"]}}],"collection":[{"href":"https:\/\/groupeproexpo.com\/cjaec\/wp-json\/wp\/v2\/pages"}],"about":[{"href":"https:\/\/groupeproexpo.com\/cjaec\/wp-json\/wp\/v2\/types\/page"}],"author":[{"embeddable":true,"href":"https:\/\/groupeproexpo.com\/cjaec\/wp-json\/wp\/v2\/users\/1"}],"replies":[{"embeddable":true,"href":"https:\/\/groupeproexpo.com\/cjaec\/wp-json\/wp\/v2\/comments?post=21"}],"version-history":[{"count":8,"href":"https:\/\/groupeproexpo.com\/cjaec\/wp-json\/wp\/v2\/pages\/21\/revisions"}],"predecessor-version":[{"id":234,"href":"https:\/\/groupeproexpo.com\/cjaec\/wp-json\/wp\/v2\/pages\/21\/revisions\/234"}],"wp:attachment":[{"href":"https:\/\/groupeproexpo.com\/cjaec\/wp-json\/wp\/v2\/media?parent=21"}],"curies":[{"name":"wp","href":"https:\/\/api.w.org\/{rel}","templated":true}]}}