{"id":25,"date":"2016-07-26T17:57:56","date_gmt":"2016-07-26T15:57:56","guid":{"rendered":"http:\/\/groupeproexpo.com\/cjaec\/?page_id=25"},"modified":"2017-01-18T19:27:43","modified_gmt":"2017-01-19T00:27:43","slug":"plans-de-commandite","status":"publish","type":"page","link":"https:\/\/groupeproexpo.com\/cjaec\/plans-de-commandite\/","title":{"rendered":"Plans de commandite"},"content":{"rendered":"<h2>Le plan de commandite \u00ab\u00a0Pr\u00e9sident d&rsquo;honneur\u00a0\u00bb<\/h2>\n<p>Ce plan de commandite est celui qui se distingue le plus de par l&rsquo;implication de votre entreprise et de son pr\u00e9sident d&rsquo;honneur \u00e0 l&rsquo;int\u00e9rieur du Concours des Jeunes Agriculteurs d&rsquo;\u00c9lite du Canada (Section Qu\u00e9bec). Voici les avantages que vous offre ce plan.<\/p>\n<h4>Visibilit\u00e9 Concours Provincial 2017<\/h4>\n<ul>\n<li>Votre logo et la photo du Pr\u00e9sident d&rsquo;honneur dans le d\u00e9pliant de l&rsquo;\u00e9v\u00e9nement.<\/li>\n<li>Photo du Pr\u00e9sident d&rsquo;honneur (fond de sc\u00e8ne) lors de la soir\u00e9e Gala.<\/li>\n<li>Votre logo (fond de sc\u00e8ne) lors de la soir\u00e9e Gala.<\/li>\n<li>Une page de publicit\u00e9 dans le programme de la soir\u00e9e Gala.<\/li>\n<li>Votre logo et la photo du pr\u00e9sident d\u2019honneur dans le kiosque Journ\u00e9e de Champs.<\/li>\n<li>Votre logo et la photo du pr\u00e9sident d&rsquo;honneur dans les annonces publicitaires de l&rsquo;\u00e9v\u00e9nement :\n<ul>\n<li>5 parutions dans la <strong>Terre de Chez-Nous<\/strong><\/li>\n<li>3 parutions dans <strong>Quebec Farmers Advocate<\/strong><\/li>\n<\/ul>\n<\/li>\n<li>4 billets pour assister \u00e0 la soir\u00e9e Gala.<\/li>\n<li>Un court discours du pr\u00e9sident d&rsquo;honneur lors de la soir\u00e9e Gala.<\/li>\n<li>La mention de votre entreprise lors de la soir\u00e9e Gala.<\/li>\n<li>Votre logo et la photo du Pr\u00e9sident d&rsquo;honneur dans le publi-reportage.<\/li>\n<li>Identification de votre entreprise lors du cocktail.<\/li>\n<\/ul>\n<h4>Le co\u00fbt rattach\u00e9 \u00e0 cette commandite est de 3500 $ (Maximum 1)<\/h4>\n<p><a href=\"http:\/\/groupeproexpo.com\/cjaec\/plans-de-commandite\/plans-de-commandite-formulaire\/\"><strong>Formulaire de r\u00e9servation<\/strong><\/a><\/p>\n<hr \/>\n<h2>Le plan de commandite \u00ab\u00a0Partenaire\u00a0\u00bb<\/h2>\n<h4>Visibilit\u00e9 Concours Provincial 2017<\/h4>\n<ul>\n<li>Identification de votre entreprise lors du cocktail.<\/li>\n<li>Logo de votre entreprise sur la sc\u00e8ne de la soir\u00e9e Gala.<\/li>\n<li>Votre logo sur les menus de la soir\u00e9e Gala.<\/li>\n<li>\u00bd page de publicit\u00e9 dans le programme de la soir\u00e9e.<\/li>\n<li>Votre logo sur tout le mat\u00e9riel publicitaire de l&rsquo;\u00e9v\u00e9nement.\n<ul>\n<li>5 parutions dans la <strong>Terre de Chez-Nous<\/strong><\/li>\n<li>3 parutions dans <strong>Quebec Farmers Advocate<\/strong><\/li>\n<\/ul>\n<\/li>\n<li>Identification d&rsquo;une table au nom de votre entreprise lors de la soir\u00e9e Gala.<\/li>\n<li>2 billets pour assister \u00e0 la soir\u00e9e Gala.<\/li>\n<li>Mentions audios lors de la soir\u00e9e Gala.<\/li>\n<\/ul>\n<h4>Le co\u00fbt rattach\u00e9 \u00e0 cette commandite est de 2000 $<\/h4>\n<p><a href=\"http:\/\/groupeproexpo.com\/cjaec\/plans-de-commandite\/plans-de-commandite-formulaire\/\"><strong>Formulaire de r\u00e9servation<\/strong><\/a><\/p>\n<hr \/>\n<h2>Le plan de commandite \u00ab\u00a0Collaborateur\u00a0\u00bb<\/h2>\n<h4>Visibilit\u00e9 Concours Provincial 2017<\/h4>\n<ul>\n<li>Identification de votre entreprise lors du cocktail.<\/li>\n<li>Identification de votre entreprise sur la sc\u00e8ne de la soir\u00e9e Gala.<\/li>\n<li>\u00bd page de publicit\u00e9 dans le programme de la soir\u00e9e.<\/li>\n<li>Mentions audios lors de la soir\u00e9e Gala.<\/li>\n<li>2 billets pour assister \u00e0 la soir\u00e9e Gala.<\/li>\n<li>Votre logo publi\u00e9 dans la <strong>Terre de Chez-nous<\/strong> \u00e0 l&rsquo;int\u00e9rieur du publi-reportage produit apr\u00e8s l&rsquo;\u00e9v\u00e9nement.<\/li>\n<li>Votre logo publi\u00e9 dans <strong>Quebec Farmers Advocate<\/strong> \u00e0 l&rsquo;int\u00e9rieur du publi-reportage produit apr\u00e8s l&rsquo;\u00e9v\u00e9nement.<\/li>\n<\/ul>\n<h4>Le co\u00fbt rattach\u00e9 \u00e0 cette commandite est de 1000 $<\/h4>\n<p><a href=\"http:\/\/groupeproexpo.com\/cjaec\/plans-de-commandite\/plans-de-commandite-formulaire\/\"><strong>Formulaire de r\u00e9servation<\/strong><\/a><\/p>\n<hr \/>\n<h2>Le plan de commandite \u00ab\u00a0Ami\u00a0\u00bb<\/h2>\n<h4>Visibilit\u00e9 Concours Provincial 2017<\/h4>\n<ul>\n<li>Mentions audios lors de la soir\u00e9e Gala.<\/li>\n<li>\u00bc de page de publicit\u00e9 dans le programme de la soir\u00e9e.<\/li>\n<li>Votre logo publi\u00e9 dans la <strong>Terre de Chez-Nous<\/strong> \u00e0 l&rsquo;int\u00e9rieur du publi-reportage produit apr\u00e8s l&rsquo;\u00e9v\u00e9nement.<\/li>\n<li>Votre logo publi\u00e9 dans <strong>Quebec Farmers Advocate<\/strong> \u00e0 l&rsquo;int\u00e9rieur du publi-reportage produit apr\u00e8s l&rsquo;\u00e9v\u00e9nement.<\/li>\n<\/ul>\n<h4>Le co\u00fbt rattach\u00e9 \u00e0 cette commandite est de 500 $<\/h4>\n<p><a href=\"http:\/\/groupeproexpo.com\/cjaec\/plans-de-commandite\/plans-de-commandite-formulaire\/\"><strong>Formulaire de r\u00e9servation<\/strong><\/a><\/p>\n","protected":false},"excerpt":{"rendered":"<div class=\"mh-excerpt\"><p>Le plan de commandite \u00ab\u00a0Pr\u00e9sident d&rsquo;honneur\u00a0\u00bb Ce plan de commandite est celui qui se distingue le plus de par l&rsquo;implication de votre entreprise et de son pr\u00e9sident d&rsquo;honneur \u00e0 l&rsquo;int\u00e9rieur du Concours des Jeunes Agriculteurs <a class=\"mh-excerpt-more\" href=\"https:\/\/groupeproexpo.com\/cjaec\/plans-de-commandite\/\" title=\"Plans de commandite\">[&#8230;]<\/a><\/p>\n<\/div>","protected":false},"author":1,"featured_media":0,"parent":0,"menu_order":0,"comment_status":"closed","ping_status":"closed","template":"","meta":{"ngg_post_thumbnail":0,"footnotes":""},"class_list":["post-25","page","type-page","status-publish","hentry"],"yoast_head":"<!-- This site is optimized with the Yoast SEO plugin v24.4 - https:\/\/yoast.com\/wordpress\/plugins\/seo\/ -->\n<title>Plans de commandite - Concours des jeunes agriculteurs d&#039;\u00e9lite du Canada<\/title>\n<meta name=\"robots\" content=\"index, follow, max-snippet:-1, max-image-preview:large, max-video-preview:-1\" \/>\n<link rel=\"canonical\" href=\"https:\/\/groupeproexpo.com\/cjaec\/plans-de-commandite\/\" \/>\n<meta property=\"og:locale\" content=\"fr_FR\" \/>\n<meta property=\"og:type\" content=\"article\" \/>\n<meta property=\"og:title\" content=\"Plans de commandite - Concours des jeunes agriculteurs d&#039;\u00e9lite du Canada\" \/>\n<meta property=\"og:description\" content=\"Le plan de commandite \u00ab\u00a0Pr\u00e9sident d&rsquo;honneur\u00a0\u00bb Ce plan de commandite est celui qui se distingue le plus de par l&rsquo;implication de votre entreprise et de son pr\u00e9sident d&rsquo;honneur \u00e0 l&rsquo;int\u00e9rieur du Concours des Jeunes Agriculteurs [...]\" \/>\n<meta property=\"og:url\" content=\"https:\/\/groupeproexpo.com\/cjaec\/plans-de-commandite\/\" \/>\n<meta property=\"og:site_name\" content=\"Concours des jeunes agriculteurs d&#039;\u00e9lite du Canada\" \/>\n<meta property=\"article:modified_time\" content=\"2017-01-19T00:27:43+00:00\" \/>\n<meta name=\"twitter:card\" content=\"summary_large_image\" \/>\n<meta name=\"twitter:label1\" content=\"Dur\u00e9e de lecture estim\u00e9e\" \/>\n\t<meta name=\"twitter:data1\" content=\"3 minutes\" \/>\n<script type=\"application\/ld+json\" class=\"yoast-schema-graph\">{\"@context\":\"https:\/\/schema.org\",\"@graph\":[{\"@type\":\"WebPage\",\"@id\":\"https:\/\/groupeproexpo.com\/cjaec\/plans-de-commandite\/\",\"url\":\"https:\/\/groupeproexpo.com\/cjaec\/plans-de-commandite\/\",\"name\":\"Plans de commandite - Concours des jeunes agriculteurs d&#039;\u00e9lite du Canada\",\"isPartOf\":{\"@id\":\"https:\/\/groupeproexpo.com\/cjaec\/#website\"},\"datePublished\":\"2016-07-26T15:57:56+00:00\",\"dateModified\":\"2017-01-19T00:27:43+00:00\",\"breadcrumb\":{\"@id\":\"https:\/\/groupeproexpo.com\/cjaec\/plans-de-commandite\/#breadcrumb\"},\"inLanguage\":\"fr-FR\",\"potentialAction\":[{\"@type\":\"ReadAction\",\"target\":[\"https:\/\/groupeproexpo.com\/cjaec\/plans-de-commandite\/\"]}]},{\"@type\":\"BreadcrumbList\",\"@id\":\"https:\/\/groupeproexpo.com\/cjaec\/plans-de-commandite\/#breadcrumb\",\"itemListElement\":[{\"@type\":\"ListItem\",\"position\":1,\"name\":\"Accueil\",\"item\":\"https:\/\/groupeproexpo.com\/cjaec\/\"},{\"@type\":\"ListItem\",\"position\":2,\"name\":\"Plans de commandite\"}]},{\"@type\":\"WebSite\",\"@id\":\"https:\/\/groupeproexpo.com\/cjaec\/#website\",\"url\":\"https:\/\/groupeproexpo.com\/cjaec\/\",\"name\":\"Concours des jeunes agriculteurs d&#039;\u00e9lite du Canada\",\"description\":\"Section Qu\u00e9bec\",\"potentialAction\":[{\"@type\":\"SearchAction\",\"target\":{\"@type\":\"EntryPoint\",\"urlTemplate\":\"https:\/\/groupeproexpo.com\/cjaec\/?s={search_term_string}\"},\"query-input\":{\"@type\":\"PropertyValueSpecification\",\"valueRequired\":true,\"valueName\":\"search_term_string\"}}],\"inLanguage\":\"fr-FR\"}]}<\/script>\n<!-- \/ Yoast SEO plugin. -->","yoast_head_json":{"title":"Plans de commandite - Concours des jeunes agriculteurs d&#039;\u00e9lite du Canada","robots":{"index":"index","follow":"follow","max-snippet":"max-snippet:-1","max-image-preview":"max-image-preview:large","max-video-preview":"max-video-preview:-1"},"canonical":"https:\/\/groupeproexpo.com\/cjaec\/plans-de-commandite\/","og_locale":"fr_FR","og_type":"article","og_title":"Plans de commandite - Concours des jeunes agriculteurs d&#039;\u00e9lite du Canada","og_description":"Le plan de commandite \u00ab\u00a0Pr\u00e9sident d&rsquo;honneur\u00a0\u00bb Ce plan de commandite est celui qui se distingue le plus de par l&rsquo;implication de votre entreprise et de son pr\u00e9sident d&rsquo;honneur \u00e0 l&rsquo;int\u00e9rieur du Concours des Jeunes Agriculteurs [...]","og_url":"https:\/\/groupeproexpo.com\/cjaec\/plans-de-commandite\/","og_site_name":"Concours des jeunes agriculteurs d&#039;\u00e9lite du Canada","article_modified_time":"2017-01-19T00:27:43+00:00","twitter_card":"summary_large_image","twitter_misc":{"Dur\u00e9e de lecture estim\u00e9e":"3 minutes"},"schema":{"@context":"https:\/\/schema.org","@graph":[{"@type":"WebPage","@id":"https:\/\/groupeproexpo.com\/cjaec\/plans-de-commandite\/","url":"https:\/\/groupeproexpo.com\/cjaec\/plans-de-commandite\/","name":"Plans de commandite - Concours des jeunes agriculteurs d&#039;\u00e9lite du Canada","isPartOf":{"@id":"https:\/\/groupeproexpo.com\/cjaec\/#website"},"datePublished":"2016-07-26T15:57:56+00:00","dateModified":"2017-01-19T00:27:43+00:00","breadcrumb":{"@id":"https:\/\/groupeproexpo.com\/cjaec\/plans-de-commandite\/#breadcrumb"},"inLanguage":"fr-FR","potentialAction":[{"@type":"ReadAction","target":["https:\/\/groupeproexpo.com\/cjaec\/plans-de-commandite\/"]}]},{"@type":"BreadcrumbList","@id":"https:\/\/groupeproexpo.com\/cjaec\/plans-de-commandite\/#breadcrumb","itemListElement":[{"@type":"ListItem","position":1,"name":"Accueil","item":"https:\/\/groupeproexpo.com\/cjaec\/"},{"@type":"ListItem","position":2,"name":"Plans de commandite"}]},{"@type":"WebSite","@id":"https:\/\/groupeproexpo.com\/cjaec\/#website","url":"https:\/\/groupeproexpo.com\/cjaec\/","name":"Concours des jeunes agriculteurs d&#039;\u00e9lite du Canada","description":"Section Qu\u00e9bec","potentialAction":[{"@type":"SearchAction","target":{"@type":"EntryPoint","urlTemplate":"https:\/\/groupeproexpo.com\/cjaec\/?s={search_term_string}"},"query-input":{"@type":"PropertyValueSpecification","valueRequired":true,"valueName":"search_term_string"}}],"inLanguage":"fr-FR"}]}},"_links":{"self":[{"href":"https:\/\/groupeproexpo.com\/cjaec\/wp-json\/wp\/v2\/pages\/25","targetHints":{"allow":["GET"]}}],"collection":[{"href":"https:\/\/groupeproexpo.com\/cjaec\/wp-json\/wp\/v2\/pages"}],"about":[{"href":"https:\/\/groupeproexpo.com\/cjaec\/wp-json\/wp\/v2\/types\/page"}],"author":[{"embeddable":true,"href":"https:\/\/groupeproexpo.com\/cjaec\/wp-json\/wp\/v2\/users\/1"}],"replies":[{"embeddable":true,"href":"https:\/\/groupeproexpo.com\/cjaec\/wp-json\/wp\/v2\/comments?post=25"}],"version-history":[{"count":10,"href":"https:\/\/groupeproexpo.com\/cjaec\/wp-json\/wp\/v2\/pages\/25\/revisions"}],"predecessor-version":[{"id":235,"href":"https:\/\/groupeproexpo.com\/cjaec\/wp-json\/wp\/v2\/pages\/25\/revisions\/235"}],"wp:attachment":[{"href":"https:\/\/groupeproexpo.com\/cjaec\/wp-json\/wp\/v2\/media?parent=25"}],"curies":[{"name":"wp","href":"https:\/\/api.w.org\/{rel}","templated":true}]}}

<h2>Le plan de commandite « Président d&rsquo;honneur »</h2>
<p>Ce plan de commandite est celui qui se distingue le plus de par l&rsquo;implication de votre entreprise et de son président d&rsquo;honneur à l&rsquo;intérieur du Concours des Jeunes Agriculteurs d&rsquo;Élite du Canada (Section Québec). Voici les avantages que vous offre ce plan.</p>
<h4>Visibilité Concours Provincial 2017</h4>
<ul>
<li>Votre logo et la photo du Président d&rsquo;honneur dans le dépliant de l&rsquo;événement.</li>
<li>Photo du Président d&rsquo;honneur (fond de scène) lors de la soirée Gala.</li>
<li>Votre logo (fond de scène) lors de la soirée Gala.</li>
<li>Une page de publicité dans le programme de la soirée Gala.</li>
<li>Votre logo et la photo du président d’honneur dans le kiosque Journée de Champs.</li>
<li>Votre logo et la photo du président d&rsquo;honneur dans les annonces publicitaires de l&rsquo;événement :
<ul>
<li>5 parutions dans la <strong>Terre de Chez-Nous</strong></li>
<li>3 parutions dans <strong>Quebec Farmers Advocate</strong></li>
</ul>
</li>
<li>4 billets pour assister à la soirée Gala.</li>
<li>Un court discours du président d&rsquo;honneur lors de la soirée Gala.</li>
<li>La mention de votre entreprise lors de la soirée Gala.</li>
<li>Votre logo et la photo du Président d&rsquo;honneur dans le publi-reportage.</li>
<li>Identification de votre entreprise lors du cocktail.</li>
</ul>
<h4>Le coût rattaché à cette commandite est de 3500 $ (Maximum 1)</h4>
<p><a href="http://groupeproexpo.com/cjaec/plans-de-commandite/plans-de-commandite-formulaire/"><strong>Formulaire de réservation</strong></a></p>
<hr />
<h2>Le plan de commandite « Partenaire »</h2>
<h4>Visibilité Concours Provincial 2017</h4>
<ul>
<li>Identification de votre entreprise lors du cocktail.</li>
<li>Logo de votre entreprise sur la scène de la soirée Gala.</li>
<li>Votre logo sur les menus de la soirée Gala.</li>
<li>½ page de publicité dans le programme de la soirée.</li>
<li>Votre logo sur tout le matériel publicitaire de l&rsquo;événement.
<ul>
<li>5 parutions dans la <strong>Terre de Chez-Nous</strong></li>
<li>3 parutions dans <strong>Quebec Farmers Advocate</strong></li>
</ul>
</li>
<li>Identification d&rsquo;une table au nom de votre entreprise lors de la soirée Gala.</li>
<li>2 billets pour assister à la soirée Gala.</li>
<li>Mentions audios lors de la soirée Gala.</li>
</ul>
<h4>Le coût rattaché à cette commandite est de 2000 $</h4>
<p><a href="http://groupeproexpo.com/cjaec/plans-de-commandite/plans-de-commandite-formulaire/"><strong>Formulaire de réservation</strong></a></p>
<hr />
<h2>Le plan de commandite « Collaborateur »</h2>
<h4>Visibilité Concours Provincial 2017</h4>
<ul>
<li>Identification de votre entreprise lors du cocktail.</li>
<li>Identification de votre entreprise sur la scène de la soirée Gala.</li>
<li>½ page de publicité dans le programme de la soirée.</li>
<li>Mentions audios lors de la soirée Gala.</li>
<li>2 billets pour assister à la soirée Gala.</li>
<li>Votre logo publié dans la <strong>Terre de Chez-nous</strong> à l&rsquo;intérieur du publi-reportage produit après l&rsquo;événement.</li>
<li>Votre logo publié dans <strong>Quebec Farmers Advocate</strong> à l&rsquo;intérieur du publi-reportage produit après l&rsquo;événement.</li>
</ul>
<h4>Le coût rattaché à cette commandite est de 1000 $</h4>
<p><a href="http://groupeproexpo.com/cjaec/plans-de-commandite/plans-de-commandite-formulaire/"><strong>Formulaire de réservation</strong></a></p>
<hr />
<h2>Le plan de commandite « Ami »</h2>
<h4>Visibilité Concours Provincial 2017</h4>
<ul>
<li>Mentions audios lors de la soirée Gala.</li>
<li>¼ de page de publicité dans le programme de la soirée.</li>
<li>Votre logo publié dans la <strong>Terre de Chez-Nous</strong> à l&rsquo;intérieur du publi-reportage produit après l&rsquo;événement.</li>
<li>Votre logo publié dans <strong>Quebec Farmers Advocate</strong> à l&rsquo;intérieur du publi-reportage produit après l&rsquo;événement.</li>
</ul>
<h4>Le coût rattaché à cette commandite est de 500 $</h4>
<p><a href="http://groupeproexpo.com/cjaec/plans-de-commandite/plans-de-commandite-formulaire/"><strong>Formulaire de réservation</strong></a></p>

<div class="mh-excerpt"><p>Le plan de commandite « Président d&rsquo;honneur » Ce plan de commandite est celui qui se distingue le plus de par l&rsquo;implication de votre entreprise et de son président d&rsquo;honneur à l&rsquo;intérieur du Concours des Jeunes Agriculteurs <a class="mh-excerpt-more" href="https://groupeproexpo.com/cjaec/plans-de-commandite/" title="Plans de commandite">[&#8230;]</a></p>
</div>

<!-- This site is optimized with the Yoast SEO plugin v24.4 - https://yoast.com/wordpress/plugins/seo/ -->
<title>Plans de commandite - Concours des jeunes agriculteurs d&#039;élite du Canada</title>
<meta name="robots" content="index, follow, max-snippet:-1, max-image-preview:large, max-video-preview:-1" />
<link rel="canonical" href="https://groupeproexpo.com/cjaec/plans-de-commandite/" />
<meta property="og:locale" content="fr_FR" />
<meta property="og:type" content="article" />
<meta property="og:title" content="Plans de commandite - Concours des jeunes agriculteurs d&#039;élite du Canada" />
<meta property="og:description" content="Le plan de commandite « Président d&rsquo;honneur » Ce plan de commandite est celui qui se distingue le plus de par l&rsquo;implication de votre entreprise et de son président d&rsquo;honneur à l&rsquo;intérieur du Concours des Jeunes Agriculteurs [...]" />
<meta property="og:url" content="https://groupeproexpo.com/cjaec/plans-de-commandite/" />
<meta property="og:site_name" content="Concours des jeunes agriculteurs d&#039;élite du Canada" />
<meta property="article:modified_time" content="2017-01-19T00:27:43+00:00" />
<meta name="twitter:card" content="summary_large_image" />
<meta name="twitter:label1" content="Durée de lecture estimée" />
	<meta name="twitter:data1" content="3 minutes" />
<script type="application/ld+json" class="yoast-schema-graph">{"@context":"https://schema.org","@graph":[{"@type":"WebPage","@id":"https://groupeproexpo.com/cjaec/plans-de-commandite/","url":"https://groupeproexpo.com/cjaec/plans-de-commandite/","name":"Plans de commandite - Concours des jeunes agriculteurs d&#039;élite du Canada","isPartOf":{"@id":"https://groupeproexpo.com/cjaec/#website"},"datePublished":"2016-07-26T15:57:56+00:00","dateModified":"2017-01-19T00:27:43+00:00","breadcrumb":{"@id":"https://groupeproexpo.com/cjaec/plans-de-commandite/#breadcrumb"},"inLanguage":"fr-FR","potentialAction":[{"@type":"ReadAction","target":["https://groupeproexpo.com/cjaec/plans-de-commandite/"]}]},{"@type":"BreadcrumbList","@id":"https://groupeproexpo.com/cjaec/plans-de-commandite/#breadcrumb","itemListElement":[{"@type":"ListItem","position":1,"name":"Accueil","item":"https://groupeproexpo.com/cjaec/"},{"@type":"ListItem","position":2,"name":"Plans de commandite"}]},{"@type":"WebSite","@id":"https://groupeproexpo.com/cjaec/#website","url":"https://groupeproexpo.com/cjaec/","name":"Concours des jeunes agriculteurs d&#039;élite du Canada","description":"Section Québec","potentialAction":[{"@type":"SearchAction","target":{"@type":"EntryPoint","urlTemplate":"https://groupeproexpo.com/cjaec/?s={search_term_string}"},"query-input":{"@type":"PropertyValueSpecification","valueRequired":true,"valueName":"search_term_string"}}],"inLanguage":"fr-FR"}]}</script>
<!-- / Yoast SEO plugin. -->

Plans de commandite - Concours des jeunes agriculteurs d&#039;élite du Canada

Le plan de commandite « Président d&rsquo;honneur » Ce plan de commandite est celui qui se distingue le plus de par l&rsquo;implication de votre entreprise et de son président d&rsquo;honneur à l&rsquo;intérieur du Concours des Jeunes Agriculteurs [...]

Concours des jeunes agriculteurs d&#039;élite du Canada

Section Québec
