{"id":20,"date":"2016-08-29T15:14:30","date_gmt":"2016-08-29T19:14:30","guid":{"rendered":"http:\/\/groupeproexpo.com\/mariee\/?page_id=20"},"modified":"2026-04-17T10:47:18","modified_gmt":"2026-04-17T14:47:18","slug":"date-et-heures-douverture","status":"publish","type":"page","link":"https:\/\/groupeproexpo.com\/maries\/date-et-heures-douverture\/","title":{"rendered":"Dates et heures d&rsquo;ouverture"},"content":{"rendered":"<p>9 et 10 janvier 2027<\/p>\n<ul>\n<li><strong>Samedi<\/strong>&nbsp;&#8211;&nbsp;10h \u00e0 16h30<\/li>\n<li style=\"text-align: left;\"><strong>Dimanche<\/strong>&nbsp;&#8211;&nbsp;10h \u00e0 16h30<\/li>\n<\/ul>\n<figure id=\"attachment_3958\" aria-describedby=\"caption-attachment-3958\" style=\"width: 1000px\" class=\"wp-caption aligncenter\"><img loading=\"lazy\" decoding=\"async\" class=\"size-full wp-image-3958\" src=\"http:\/\/groupeproexpo.com\/maries\/wp-content\/uploads\/sites\/3\/2019\/10\/WEB-Freepik-freepic_diller1420.jpg\" alt=\"\" width=\"1000\" height=\"1500\" srcset=\"https:\/\/groupeproexpo.com\/maries\/wp-content\/uploads\/sites\/3\/2019\/10\/WEB-Freepik-freepic_diller1420.jpg 1000w, https:\/\/groupeproexpo.com\/maries\/wp-content\/uploads\/sites\/3\/2019\/10\/WEB-Freepik-freepic_diller1420-200x300.jpg 200w, https:\/\/groupeproexpo.com\/maries\/wp-content\/uploads\/sites\/3\/2019\/10\/WEB-Freepik-freepic_diller1420-768x1152.jpg 768w, https:\/\/groupeproexpo.com\/maries\/wp-content\/uploads\/sites\/3\/2019\/10\/WEB-Freepik-freepic_diller1420-683x1024.jpg 683w\" sizes=\"auto, (max-width: 1000px) 100vw, 1000px\" \/><figcaption id=\"caption-attachment-3958\" class=\"wp-caption-text\">Freepik freepic_diller<\/figcaption><\/figure>\n","protected":false},"excerpt":{"rendered":"<div class=\"mh-excerpt\"><p>9 et 10 janvier 2027 Samedi&nbsp;&#8211;&nbsp;10h \u00e0 16h30 Dimanche&nbsp;&#8211;&nbsp;10h \u00e0 16h30<\/p>\n<\/div>","protected":false},"author":1,"featured_media":0,"parent":0,"menu_order":0,"comment_status":"closed","ping_status":"closed","template":"","meta":{"ngg_post_thumbnail":0,"footnotes":""},"class_list":["post-20","page","type-page","status-publish","hentry"],"yoast_head":"<!-- This site is optimized with the Yoast SEO plugin v24.4 - https:\/\/yoast.com\/wordpress\/plugins\/seo\/ -->\n<title>Dates et heures d&#039;ouverture - Salon des Mari\u00e9s de Qu\u00e9bec<\/title>\n<meta name=\"robots\" content=\"index, follow, max-snippet:-1, max-image-preview:large, max-video-preview:-1\" \/>\n<link rel=\"canonical\" href=\"https:\/\/groupeproexpo.com\/maries\/date-et-heures-douverture\/\" \/>\n<meta property=\"og:locale\" content=\"fr_FR\" \/>\n<meta property=\"og:type\" content=\"article\" \/>\n<meta property=\"og:title\" content=\"Dates et heures d&#039;ouverture - Salon des Mari\u00e9s de Qu\u00e9bec\" \/>\n<meta property=\"og:description\" content=\"9 et 10 janvier 2027 Samedi&nbsp;&#8211;&nbsp;10h \u00e0 16h30 Dimanche&nbsp;&#8211;&nbsp;10h \u00e0 16h30\" \/>\n<meta property=\"og:url\" content=\"https:\/\/groupeproexpo.com\/maries\/date-et-heures-douverture\/\" \/>\n<meta property=\"og:site_name\" content=\"Salon des Mari\u00e9s de Qu\u00e9bec\" \/>\n<meta property=\"article:publisher\" content=\"https:\/\/www.facebook.com\/salondelamarieequebec\/\" \/>\n<meta property=\"article:modified_time\" content=\"2026-04-17T14:47:18+00:00\" \/>\n<meta property=\"og:image\" content=\"https:\/\/groupeproexpo.com\/maries\/wp-content\/uploads\/sites\/3\/2019\/10\/WEB-Freepik-freepic_diller1420.jpg\" \/>\n\t<meta property=\"og:image:width\" content=\"1000\" \/>\n\t<meta property=\"og:image:height\" content=\"1500\" \/>\n\t<meta property=\"og:image:type\" content=\"image\/jpeg\" \/>\n<meta name=\"twitter:card\" content=\"summary_large_image\" \/>\n<meta name=\"twitter:label1\" content=\"Dur\u00e9e de lecture estim\u00e9e\" \/>\n\t<meta name=\"twitter:data1\" content=\"1 minute\" \/>\n<script type=\"application\/ld+json\" class=\"yoast-schema-graph\">{\"@context\":\"https:\/\/schema.org\",\"@graph\":[{\"@type\":\"WebPage\",\"@id\":\"https:\/\/groupeproexpo.com\/maries\/date-et-heures-douverture\/\",\"url\":\"https:\/\/groupeproexpo.com\/maries\/date-et-heures-douverture\/\",\"name\":\"Dates et heures d'ouverture - Salon des Mari\u00e9s de Qu\u00e9bec\",\"isPartOf\":{\"@id\":\"https:\/\/groupeproexpo.com\/maries\/#website\"},\"primaryImageOfPage\":{\"@id\":\"https:\/\/groupeproexpo.com\/maries\/date-et-heures-douverture\/#primaryimage\"},\"image\":{\"@id\":\"https:\/\/groupeproexpo.com\/maries\/date-et-heures-douverture\/#primaryimage\"},\"thumbnailUrl\":\"http:\/\/groupeproexpo.com\/maries\/wp-content\/uploads\/sites\/3\/2019\/10\/WEB-Freepik-freepic_diller1420.jpg\",\"datePublished\":\"2016-08-29T19:14:30+00:00\",\"dateModified\":\"2026-04-17T14:47:18+00:00\",\"breadcrumb\":{\"@id\":\"https:\/\/groupeproexpo.com\/maries\/date-et-heures-douverture\/#breadcrumb\"},\"inLanguage\":\"fr-FR\",\"potentialAction\":[{\"@type\":\"ReadAction\",\"target\":[\"https:\/\/groupeproexpo.com\/maries\/date-et-heures-douverture\/\"]}]},{\"@type\":\"ImageObject\",\"inLanguage\":\"fr-FR\",\"@id\":\"https:\/\/groupeproexpo.com\/maries\/date-et-heures-douverture\/#primaryimage\",\"url\":\"http:\/\/groupeproexpo.com\/maries\/wp-content\/uploads\/sites\/3\/2019\/10\/WEB-Freepik-freepic_diller1420.jpg\",\"contentUrl\":\"http:\/\/groupeproexpo.com\/maries\/wp-content\/uploads\/sites\/3\/2019\/10\/WEB-Freepik-freepic_diller1420.jpg\"},{\"@type\":\"BreadcrumbList\",\"@id\":\"https:\/\/groupeproexpo.com\/maries\/date-et-heures-douverture\/#breadcrumb\",\"itemListElement\":[{\"@type\":\"ListItem\",\"position\":1,\"name\":\"Accueil\",\"item\":\"https:\/\/groupeproexpo.com\/maries\/\"},{\"@type\":\"ListItem\",\"position\":2,\"name\":\"Dates et heures d&rsquo;ouverture\"}]},{\"@type\":\"WebSite\",\"@id\":\"https:\/\/groupeproexpo.com\/maries\/#website\",\"url\":\"https:\/\/groupeproexpo.com\/maries\/\",\"name\":\"Salon des Mari\u00e9s de Qu\u00e9bec\",\"description\":\"17-18 janvier 2026 \u2013 Expocit\u00e9\",\"potentialAction\":[{\"@type\":\"SearchAction\",\"target\":{\"@type\":\"EntryPoint\",\"urlTemplate\":\"https:\/\/groupeproexpo.com\/maries\/?s={search_term_string}\"},\"query-input\":{\"@type\":\"PropertyValueSpecification\",\"valueRequired\":true,\"valueName\":\"search_term_string\"}}],\"inLanguage\":\"fr-FR\"}]}<\/script>\n<!-- \/ Yoast SEO plugin. -->","yoast_head_json":{"title":"Dates et heures d'ouverture - Salon des Mari\u00e9s de Qu\u00e9bec","robots":{"index":"index","follow":"follow","max-snippet":"max-snippet:-1","max-image-preview":"max-image-preview:large","max-video-preview":"max-video-preview:-1"},"canonical":"https:\/\/groupeproexpo.com\/maries\/date-et-heures-douverture\/","og_locale":"fr_FR","og_type":"article","og_title":"Dates et heures d'ouverture - Salon des Mari\u00e9s de Qu\u00e9bec","og_description":"9 et 10 janvier 2027 Samedi&nbsp;&#8211;&nbsp;10h \u00e0 16h30 Dimanche&nbsp;&#8211;&nbsp;10h \u00e0 16h30","og_url":"https:\/\/groupeproexpo.com\/maries\/date-et-heures-douverture\/","og_site_name":"Salon des Mari\u00e9s de Qu\u00e9bec","article_publisher":"https:\/\/www.facebook.com\/salondelamarieequebec\/","article_modified_time":"2026-04-17T14:47:18+00:00","og_image":[{"width":1000,"height":1500,"url":"https:\/\/groupeproexpo.com\/maries\/wp-content\/uploads\/sites\/3\/2019\/10\/WEB-Freepik-freepic_diller1420.jpg","type":"image\/jpeg"}],"twitter_card":"summary_large_image","twitter_misc":{"Dur\u00e9e de lecture estim\u00e9e":"1 minute"},"schema":{"@context":"https:\/\/schema.org","@graph":[{"@type":"WebPage","@id":"https:\/\/groupeproexpo.com\/maries\/date-et-heures-douverture\/","url":"https:\/\/groupeproexpo.com\/maries\/date-et-heures-douverture\/","name":"Dates et heures d'ouverture - Salon des Mari\u00e9s de Qu\u00e9bec","isPartOf":{"@id":"https:\/\/groupeproexpo.com\/maries\/#website"},"primaryImageOfPage":{"@id":"https:\/\/groupeproexpo.com\/maries\/date-et-heures-douverture\/#primaryimage"},"image":{"@id":"https:\/\/groupeproexpo.com\/maries\/date-et-heures-douverture\/#primaryimage"},"thumbnailUrl":"http:\/\/groupeproexpo.com\/maries\/wp-content\/uploads\/sites\/3\/2019\/10\/WEB-Freepik-freepic_diller1420.jpg","datePublished":"2016-08-29T19:14:30+00:00","dateModified":"2026-04-17T14:47:18+00:00","breadcrumb":{"@id":"https:\/\/groupeproexpo.com\/maries\/date-et-heures-douverture\/#breadcrumb"},"inLanguage":"fr-FR","potentialAction":[{"@type":"ReadAction","target":["https:\/\/groupeproexpo.com\/maries\/date-et-heures-douverture\/"]}]},{"@type":"ImageObject","inLanguage":"fr-FR","@id":"https:\/\/groupeproexpo.com\/maries\/date-et-heures-douverture\/#primaryimage","url":"http:\/\/groupeproexpo.com\/maries\/wp-content\/uploads\/sites\/3\/2019\/10\/WEB-Freepik-freepic_diller1420.jpg","contentUrl":"http:\/\/groupeproexpo.com\/maries\/wp-content\/uploads\/sites\/3\/2019\/10\/WEB-Freepik-freepic_diller1420.jpg"},{"@type":"BreadcrumbList","@id":"https:\/\/groupeproexpo.com\/maries\/date-et-heures-douverture\/#breadcrumb","itemListElement":[{"@type":"ListItem","position":1,"name":"Accueil","item":"https:\/\/groupeproexpo.com\/maries\/"},{"@type":"ListItem","position":2,"name":"Dates et heures d&rsquo;ouverture"}]},{"@type":"WebSite","@id":"https:\/\/groupeproexpo.com\/maries\/#website","url":"https:\/\/groupeproexpo.com\/maries\/","name":"Salon des Mari\u00e9s de Qu\u00e9bec","description":"17-18 janvier 2026 \u2013 Expocit\u00e9","potentialAction":[{"@type":"SearchAction","target":{"@type":"EntryPoint","urlTemplate":"https:\/\/groupeproexpo.com\/maries\/?s={search_term_string}"},"query-input":{"@type":"PropertyValueSpecification","valueRequired":true,"valueName":"search_term_string"}}],"inLanguage":"fr-FR"}]}},"_links":{"self":[{"href":"https:\/\/groupeproexpo.com\/maries\/wp-json\/wp\/v2\/pages\/20","targetHints":{"allow":["GET"]}}],"collection":[{"href":"https:\/\/groupeproexpo.com\/maries\/wp-json\/wp\/v2\/pages"}],"about":[{"href":"https:\/\/groupeproexpo.com\/maries\/wp-json\/wp\/v2\/types\/page"}],"author":[{"embeddable":true,"href":"https:\/\/groupeproexpo.com\/maries\/wp-json\/wp\/v2\/users\/1"}],"replies":[{"embeddable":true,"href":"https:\/\/groupeproexpo.com\/maries\/wp-json\/wp\/v2\/comments?post=20"}],"version-history":[{"count":50,"href":"https:\/\/groupeproexpo.com\/maries\/wp-json\/wp\/v2\/pages\/20\/revisions"}],"predecessor-version":[{"id":4406,"href":"https:\/\/groupeproexpo.com\/maries\/wp-json\/wp\/v2\/pages\/20\/revisions\/4406"}],"wp:attachment":[{"href":"https:\/\/groupeproexpo.com\/maries\/wp-json\/wp\/v2\/media?parent=20"}],"curies":[{"name":"wp","href":"https:\/\/api.w.org\/{rel}","templated":true}]}}

<p>9 et 10 janvier 2027</p>
<ul>
<li><strong>Samedi</strong>&nbsp;&#8211;&nbsp;10h à 16h30</li>
<li style="text-align: left;"><strong>Dimanche</strong>&nbsp;&#8211;&nbsp;10h à 16h30</li>
</ul>
<figure id="attachment_3958" aria-describedby="caption-attachment-3958" style="width: 1000px" class="wp-caption aligncenter"><img loading="lazy" decoding="async" class="size-full wp-image-3958" src="http://groupeproexpo.com/maries/wp-content/uploads/sites/3/2019/10/WEB-Freepik-freepic_diller1420.jpg" alt="" width="1000" height="1500" srcset="https://groupeproexpo.com/maries/wp-content/uploads/sites/3/2019/10/WEB-Freepik-freepic_diller1420.jpg 1000w, https://groupeproexpo.com/maries/wp-content/uploads/sites/3/2019/10/WEB-Freepik-freepic_diller1420-200x300.jpg 200w, https://groupeproexpo.com/maries/wp-content/uploads/sites/3/2019/10/WEB-Freepik-freepic_diller1420-768x1152.jpg 768w, https://groupeproexpo.com/maries/wp-content/uploads/sites/3/2019/10/WEB-Freepik-freepic_diller1420-683x1024.jpg 683w" sizes="auto, (max-width: 1000px) 100vw, 1000px" /><figcaption id="caption-attachment-3958" class="wp-caption-text">Freepik freepic_diller</figcaption></figure>

<div class="mh-excerpt"><p>9 et 10 janvier 2027 Samedi&nbsp;&#8211;&nbsp;10h à 16h30 Dimanche&nbsp;&#8211;&nbsp;10h à 16h30</p>
</div>

<!-- This site is optimized with the Yoast SEO plugin v24.4 - https://yoast.com/wordpress/plugins/seo/ -->
<title>Dates et heures d&#039;ouverture - Salon des Mariés de Québec</title>
<meta name="robots" content="index, follow, max-snippet:-1, max-image-preview:large, max-video-preview:-1" />
<link rel="canonical" href="https://groupeproexpo.com/maries/date-et-heures-douverture/" />
<meta property="og:locale" content="fr_FR" />
<meta property="og:type" content="article" />
<meta property="og:title" content="Dates et heures d&#039;ouverture - Salon des Mariés de Québec" />
<meta property="og:description" content="9 et 10 janvier 2027 Samedi&nbsp;&#8211;&nbsp;10h à 16h30 Dimanche&nbsp;&#8211;&nbsp;10h à 16h30" />
<meta property="og:url" content="https://groupeproexpo.com/maries/date-et-heures-douverture/" />
<meta property="og:site_name" content="Salon des Mariés de Québec" />
<meta property="article:publisher" content="https://www.facebook.com/salondelamarieequebec/" />
<meta property="article:modified_time" content="2026-04-17T14:47:18+00:00" />
<meta property="og:image" content="https://groupeproexpo.com/maries/wp-content/uploads/sites/3/2019/10/WEB-Freepik-freepic_diller1420.jpg" />
	<meta property="og:image:width" content="1000" />
	<meta property="og:image:height" content="1500" />
	<meta property="og:image:type" content="image/jpeg" />
<meta name="twitter:card" content="summary_large_image" />
<meta name="twitter:label1" content="Durée de lecture estimée" />
	<meta name="twitter:data1" content="1 minute" />
<script type="application/ld+json" class="yoast-schema-graph">{"@context":"https://schema.org","@graph":[{"@type":"WebPage","@id":"https://groupeproexpo.com/maries/date-et-heures-douverture/","url":"https://groupeproexpo.com/maries/date-et-heures-douverture/","name":"Dates et heures d'ouverture - Salon des Mariés de Québec","isPartOf":{"@id":"https://groupeproexpo.com/maries/#website"},"primaryImageOfPage":{"@id":"https://groupeproexpo.com/maries/date-et-heures-douverture/#primaryimage"},"image":{"@id":"https://groupeproexpo.com/maries/date-et-heures-douverture/#primaryimage"},"thumbnailUrl":"http://groupeproexpo.com/maries/wp-content/uploads/sites/3/2019/10/WEB-Freepik-freepic_diller1420.jpg","datePublished":"2016-08-29T19:14:30+00:00","dateModified":"2026-04-17T14:47:18+00:00","breadcrumb":{"@id":"https://groupeproexpo.com/maries/date-et-heures-douverture/#breadcrumb"},"inLanguage":"fr-FR","potentialAction":[{"@type":"ReadAction","target":["https://groupeproexpo.com/maries/date-et-heures-douverture/"]}]},{"@type":"ImageObject","inLanguage":"fr-FR","@id":"https://groupeproexpo.com/maries/date-et-heures-douverture/#primaryimage","url":"http://groupeproexpo.com/maries/wp-content/uploads/sites/3/2019/10/WEB-Freepik-freepic_diller1420.jpg","contentUrl":"http://groupeproexpo.com/maries/wp-content/uploads/sites/3/2019/10/WEB-Freepik-freepic_diller1420.jpg"},{"@type":"BreadcrumbList","@id":"https://groupeproexpo.com/maries/date-et-heures-douverture/#breadcrumb","itemListElement":[{"@type":"ListItem","position":1,"name":"Accueil","item":"https://groupeproexpo.com/maries/"},{"@type":"ListItem","position":2,"name":"Dates et heures d&rsquo;ouverture"}]},{"@type":"WebSite","@id":"https://groupeproexpo.com/maries/#website","url":"https://groupeproexpo.com/maries/","name":"Salon des Mariés de Québec","description":"17-18 janvier 2026 – Expocité","potentialAction":[{"@type":"SearchAction","target":{"@type":"EntryPoint","urlTemplate":"https://groupeproexpo.com/maries/?s={search_term_string}"},"query-input":{"@type":"PropertyValueSpecification","valueRequired":true,"valueName":"search_term_string"}}],"inLanguage":"fr-FR"}]}</script>
<!-- / Yoast SEO plugin. -->

Dates et heures d'ouverture - Salon des Mariés de Québec

9 et 10 janvier 2027 Samedi&nbsp;&#8211;&nbsp;10h à 16h30 Dimanche&nbsp;&#8211;&nbsp;10h à 16h30

Salon des Mariés de Québec

17-18 janvier 2026 – Expocité
