{"id":46,"date":"2016-08-29T15:40:04","date_gmt":"2016-08-29T19:40:04","guid":{"rendered":"http:\/\/groupeproexpo.com\/mariee\/?page_id=46"},"modified":"2022-02-11T11:35:48","modified_gmt":"2022-02-11T16:35:48","slug":"nous-joindre","status":"publish","type":"page","link":"https:\/\/groupeproexpo.com\/maries\/nous-joindre\/","title":{"rendered":"Nous joindre"},"content":{"rendered":"<p><a href=\"http:\/\/groupeproexpo.com\/maries\/wp-content\/uploads\/sites\/3\/2016\/08\/Groupe-Pro-Expo_Logo_Grand.png\"><img loading=\"lazy\" decoding=\"async\" class=\"alignleft size-medium wp-image-47\" src=\"http:\/\/groupeproexpo.com\/maries\/wp-content\/uploads\/sites\/3\/2016\/08\/Groupe-Pro-Expo_Logo_Grand-300x105.png\" alt=\"\" width=\"300\" height=\"105\" srcset=\"https:\/\/groupeproexpo.com\/maries\/wp-content\/uploads\/sites\/3\/2016\/08\/Groupe-Pro-Expo_Logo_Grand-300x105.png 300w, https:\/\/groupeproexpo.com\/maries\/wp-content\/uploads\/sites\/3\/2016\/08\/Groupe-Pro-Expo_Logo_Grand-768x269.png 768w, https:\/\/groupeproexpo.com\/maries\/wp-content\/uploads\/sites\/3\/2016\/08\/Groupe-Pro-Expo_Logo_Grand-1024x358.png 1024w, https:\/\/groupeproexpo.com\/maries\/wp-content\/uploads\/sites\/3\/2016\/08\/Groupe-Pro-Expo_Logo_Grand-800x280.png 800w, https:\/\/groupeproexpo.com\/maries\/wp-content\/uploads\/sites\/3\/2016\/08\/Groupe-Pro-Expo_Logo_Grand.png 1460w\" sizes=\"auto, (max-width: 300px) 100vw, 300px\" \/><\/a><\/p>\n<p>&nbsp;<\/p>\n<p>&nbsp;<\/p>\n<p>&nbsp;<\/p>\n<p>&nbsp;<\/p>\n<p>Groupe Pro-Expo<br \/>\n121, rue Ferr\u00e9e<br \/>\nBoischatel (Qu\u00e9bec) G0A 1H0<\/p>\n<p>T\u00e9l. : 418 877-1919<\/p>\n<p><a href=\"mailto:info@groupeproexpo.com\">info@groupeproexpo.com<\/a><\/p>\n","protected":false},"excerpt":{"rendered":"<div class=\"mh-excerpt\"><p>&nbsp; &nbsp; &nbsp; &nbsp; Groupe Pro-Expo 121, rue Ferr\u00e9e Boischatel (Qu\u00e9bec) G0A 1H0 T\u00e9l. : 418 877-1919 info@groupeproexpo.com<\/p>\n<\/div>","protected":false},"author":1,"featured_media":0,"parent":0,"menu_order":0,"comment_status":"closed","ping_status":"closed","template":"template-contact.php","meta":{"ngg_post_thumbnail":0,"footnotes":""},"class_list":["post-46","page","type-page","status-publish","hentry"],"yoast_head":"<!-- This site is optimized with the Yoast SEO plugin v24.4 - https:\/\/yoast.com\/wordpress\/plugins\/seo\/ -->\n<title>Nous joindre - Salon des Mari\u00e9s de Qu\u00e9bec<\/title>\n<meta name=\"robots\" content=\"index, follow, max-snippet:-1, max-image-preview:large, max-video-preview:-1\" \/>\n<link rel=\"canonical\" href=\"https:\/\/groupeproexpo.com\/maries\/nous-joindre\/\" \/>\n<meta property=\"og:locale\" content=\"fr_FR\" \/>\n<meta property=\"og:type\" content=\"article\" \/>\n<meta property=\"og:title\" content=\"Nous joindre - Salon des Mari\u00e9s de Qu\u00e9bec\" \/>\n<meta property=\"og:description\" content=\"&nbsp; &nbsp; &nbsp; &nbsp; Groupe Pro-Expo 121, rue Ferr\u00e9e Boischatel (Qu\u00e9bec) G0A 1H0 T\u00e9l. : 418 877-1919 info@groupeproexpo.com\" \/>\n<meta property=\"og:url\" content=\"https:\/\/groupeproexpo.com\/maries\/nous-joindre\/\" \/>\n<meta property=\"og:site_name\" content=\"Salon des Mari\u00e9s de Qu\u00e9bec\" \/>\n<meta property=\"article:publisher\" content=\"https:\/\/www.facebook.com\/salondelamarieequebec\/\" \/>\n<meta property=\"article:modified_time\" content=\"2022-02-11T16:35:48+00:00\" \/>\n<meta property=\"og:image\" content=\"https:\/\/groupeproexpo.com\/maries\/wp-content\/uploads\/sites\/3\/2016\/08\/Groupe-Pro-Expo_Logo_Grand.png\" \/>\n\t<meta property=\"og:image:width\" content=\"1460\" \/>\n\t<meta property=\"og:image:height\" content=\"511\" \/>\n\t<meta property=\"og:image:type\" content=\"image\/png\" \/>\n<meta name=\"twitter:card\" content=\"summary_large_image\" \/>\n<script type=\"application\/ld+json\" class=\"yoast-schema-graph\">{\"@context\":\"https:\/\/schema.org\",\"@graph\":[{\"@type\":\"WebPage\",\"@id\":\"https:\/\/groupeproexpo.com\/maries\/nous-joindre\/\",\"url\":\"https:\/\/groupeproexpo.com\/maries\/nous-joindre\/\",\"name\":\"Nous joindre - Salon des Mari\u00e9s de Qu\u00e9bec\",\"isPartOf\":{\"@id\":\"https:\/\/groupeproexpo.com\/maries\/#website\"},\"primaryImageOfPage\":{\"@id\":\"https:\/\/groupeproexpo.com\/maries\/nous-joindre\/#primaryimage\"},\"image\":{\"@id\":\"https:\/\/groupeproexpo.com\/maries\/nous-joindre\/#primaryimage\"},\"thumbnailUrl\":\"http:\/\/groupeproexpo.com\/maries\/wp-content\/uploads\/sites\/3\/2016\/08\/Groupe-Pro-Expo_Logo_Grand-300x105.png\",\"datePublished\":\"2016-08-29T19:40:04+00:00\",\"dateModified\":\"2022-02-11T16:35:48+00:00\",\"breadcrumb\":{\"@id\":\"https:\/\/groupeproexpo.com\/maries\/nous-joindre\/#breadcrumb\"},\"inLanguage\":\"fr-FR\",\"potentialAction\":[{\"@type\":\"ReadAction\",\"target\":[\"https:\/\/groupeproexpo.com\/maries\/nous-joindre\/\"]}]},{\"@type\":\"ImageObject\",\"inLanguage\":\"fr-FR\",\"@id\":\"https:\/\/groupeproexpo.com\/maries\/nous-joindre\/#primaryimage\",\"url\":\"http:\/\/groupeproexpo.com\/maries\/wp-content\/uploads\/sites\/3\/2016\/08\/Groupe-Pro-Expo_Logo_Grand-300x105.png\",\"contentUrl\":\"http:\/\/groupeproexpo.com\/maries\/wp-content\/uploads\/sites\/3\/2016\/08\/Groupe-Pro-Expo_Logo_Grand-300x105.png\"},{\"@type\":\"BreadcrumbList\",\"@id\":\"https:\/\/groupeproexpo.com\/maries\/nous-joindre\/#breadcrumb\",\"itemListElement\":[{\"@type\":\"ListItem\",\"position\":1,\"name\":\"Accueil\",\"item\":\"https:\/\/groupeproexpo.com\/maries\/\"},{\"@type\":\"ListItem\",\"position\":2,\"name\":\"Nous joindre\"}]},{\"@type\":\"WebSite\",\"@id\":\"https:\/\/groupeproexpo.com\/maries\/#website\",\"url\":\"https:\/\/groupeproexpo.com\/maries\/\",\"name\":\"Salon des Mari\u00e9s de Qu\u00e9bec\",\"description\":\"17-18 janvier 2026 \u2013 Expocit\u00e9\",\"potentialAction\":[{\"@type\":\"SearchAction\",\"target\":{\"@type\":\"EntryPoint\",\"urlTemplate\":\"https:\/\/groupeproexpo.com\/maries\/?s={search_term_string}\"},\"query-input\":{\"@type\":\"PropertyValueSpecification\",\"valueRequired\":true,\"valueName\":\"search_term_string\"}}],\"inLanguage\":\"fr-FR\"}]}<\/script>\n<!-- \/ Yoast SEO plugin. -->","yoast_head_json":{"title":"Nous joindre - Salon des Mari\u00e9s de Qu\u00e9bec","robots":{"index":"index","follow":"follow","max-snippet":"max-snippet:-1","max-image-preview":"max-image-preview:large","max-video-preview":"max-video-preview:-1"},"canonical":"https:\/\/groupeproexpo.com\/maries\/nous-joindre\/","og_locale":"fr_FR","og_type":"article","og_title":"Nous joindre - Salon des Mari\u00e9s de Qu\u00e9bec","og_description":"&nbsp; &nbsp; &nbsp; &nbsp; Groupe Pro-Expo 121, rue Ferr\u00e9e Boischatel (Qu\u00e9bec) G0A 1H0 T\u00e9l. : 418 877-1919 info@groupeproexpo.com","og_url":"https:\/\/groupeproexpo.com\/maries\/nous-joindre\/","og_site_name":"Salon des Mari\u00e9s de Qu\u00e9bec","article_publisher":"https:\/\/www.facebook.com\/salondelamarieequebec\/","article_modified_time":"2022-02-11T16:35:48+00:00","og_image":[{"width":1460,"height":511,"url":"https:\/\/groupeproexpo.com\/maries\/wp-content\/uploads\/sites\/3\/2016\/08\/Groupe-Pro-Expo_Logo_Grand.png","type":"image\/png"}],"twitter_card":"summary_large_image","schema":{"@context":"https:\/\/schema.org","@graph":[{"@type":"WebPage","@id":"https:\/\/groupeproexpo.com\/maries\/nous-joindre\/","url":"https:\/\/groupeproexpo.com\/maries\/nous-joindre\/","name":"Nous joindre - Salon des Mari\u00e9s de Qu\u00e9bec","isPartOf":{"@id":"https:\/\/groupeproexpo.com\/maries\/#website"},"primaryImageOfPage":{"@id":"https:\/\/groupeproexpo.com\/maries\/nous-joindre\/#primaryimage"},"image":{"@id":"https:\/\/groupeproexpo.com\/maries\/nous-joindre\/#primaryimage"},"thumbnailUrl":"http:\/\/groupeproexpo.com\/maries\/wp-content\/uploads\/sites\/3\/2016\/08\/Groupe-Pro-Expo_Logo_Grand-300x105.png","datePublished":"2016-08-29T19:40:04+00:00","dateModified":"2022-02-11T16:35:48+00:00","breadcrumb":{"@id":"https:\/\/groupeproexpo.com\/maries\/nous-joindre\/#breadcrumb"},"inLanguage":"fr-FR","potentialAction":[{"@type":"ReadAction","target":["https:\/\/groupeproexpo.com\/maries\/nous-joindre\/"]}]},{"@type":"ImageObject","inLanguage":"fr-FR","@id":"https:\/\/groupeproexpo.com\/maries\/nous-joindre\/#primaryimage","url":"http:\/\/groupeproexpo.com\/maries\/wp-content\/uploads\/sites\/3\/2016\/08\/Groupe-Pro-Expo_Logo_Grand-300x105.png","contentUrl":"http:\/\/groupeproexpo.com\/maries\/wp-content\/uploads\/sites\/3\/2016\/08\/Groupe-Pro-Expo_Logo_Grand-300x105.png"},{"@type":"BreadcrumbList","@id":"https:\/\/groupeproexpo.com\/maries\/nous-joindre\/#breadcrumb","itemListElement":[{"@type":"ListItem","position":1,"name":"Accueil","item":"https:\/\/groupeproexpo.com\/maries\/"},{"@type":"ListItem","position":2,"name":"Nous joindre"}]},{"@type":"WebSite","@id":"https:\/\/groupeproexpo.com\/maries\/#website","url":"https:\/\/groupeproexpo.com\/maries\/","name":"Salon des Mari\u00e9s de Qu\u00e9bec","description":"17-18 janvier 2026 \u2013 Expocit\u00e9","potentialAction":[{"@type":"SearchAction","target":{"@type":"EntryPoint","urlTemplate":"https:\/\/groupeproexpo.com\/maries\/?s={search_term_string}"},"query-input":{"@type":"PropertyValueSpecification","valueRequired":true,"valueName":"search_term_string"}}],"inLanguage":"fr-FR"}]}},"_links":{"self":[{"href":"https:\/\/groupeproexpo.com\/maries\/wp-json\/wp\/v2\/pages\/46","targetHints":{"allow":["GET"]}}],"collection":[{"href":"https:\/\/groupeproexpo.com\/maries\/wp-json\/wp\/v2\/pages"}],"about":[{"href":"https:\/\/groupeproexpo.com\/maries\/wp-json\/wp\/v2\/types\/page"}],"author":[{"embeddable":true,"href":"https:\/\/groupeproexpo.com\/maries\/wp-json\/wp\/v2\/users\/1"}],"replies":[{"embeddable":true,"href":"https:\/\/groupeproexpo.com\/maries\/wp-json\/wp\/v2\/comments?post=46"}],"version-history":[{"count":10,"href":"https:\/\/groupeproexpo.com\/maries\/wp-json\/wp\/v2\/pages\/46\/revisions"}],"predecessor-version":[{"id":4079,"href":"https:\/\/groupeproexpo.com\/maries\/wp-json\/wp\/v2\/pages\/46\/revisions\/4079"}],"wp:attachment":[{"href":"https:\/\/groupeproexpo.com\/maries\/wp-json\/wp\/v2\/media?parent=46"}],"curies":[{"name":"wp","href":"https:\/\/api.w.org\/{rel}","templated":true}]}}

<p><a href="http://groupeproexpo.com/maries/wp-content/uploads/sites/3/2016/08/Groupe-Pro-Expo_Logo_Grand.png"><img loading="lazy" decoding="async" class="alignleft size-medium wp-image-47" src="http://groupeproexpo.com/maries/wp-content/uploads/sites/3/2016/08/Groupe-Pro-Expo_Logo_Grand-300x105.png" alt="" width="300" height="105" srcset="https://groupeproexpo.com/maries/wp-content/uploads/sites/3/2016/08/Groupe-Pro-Expo_Logo_Grand-300x105.png 300w, https://groupeproexpo.com/maries/wp-content/uploads/sites/3/2016/08/Groupe-Pro-Expo_Logo_Grand-768x269.png 768w, https://groupeproexpo.com/maries/wp-content/uploads/sites/3/2016/08/Groupe-Pro-Expo_Logo_Grand-1024x358.png 1024w, https://groupeproexpo.com/maries/wp-content/uploads/sites/3/2016/08/Groupe-Pro-Expo_Logo_Grand-800x280.png 800w, https://groupeproexpo.com/maries/wp-content/uploads/sites/3/2016/08/Groupe-Pro-Expo_Logo_Grand.png 1460w" sizes="auto, (max-width: 300px) 100vw, 300px" /></a></p>
<p>&nbsp;</p>
<p>&nbsp;</p>
<p>&nbsp;</p>
<p>&nbsp;</p>
<p>Groupe Pro-Expo<br />
121, rue Ferrée<br />
Boischatel (Québec) G0A 1H0</p>
<p>Tél. : 418 877-1919</p>
<p><a href="mailto:info@groupeproexpo.com">info@groupeproexpo.com</a></p>

<div class="mh-excerpt"><p>&nbsp; &nbsp; &nbsp; &nbsp; Groupe Pro-Expo 121, rue Ferrée Boischatel (Québec) G0A 1H0 Tél. : 418 877-1919 info@groupeproexpo.com</p>
</div>

<!-- This site is optimized with the Yoast SEO plugin v24.4 - https://yoast.com/wordpress/plugins/seo/ -->
<title>Nous joindre - Salon des Mariés de Québec</title>
<meta name="robots" content="index, follow, max-snippet:-1, max-image-preview:large, max-video-preview:-1" />
<link rel="canonical" href="https://groupeproexpo.com/maries/nous-joindre/" />
<meta property="og:locale" content="fr_FR" />
<meta property="og:type" content="article" />
<meta property="og:title" content="Nous joindre - Salon des Mariés de Québec" />
<meta property="og:description" content="&nbsp; &nbsp; &nbsp; &nbsp; Groupe Pro-Expo 121, rue Ferrée Boischatel (Québec) G0A 1H0 Tél. : 418 877-1919 info@groupeproexpo.com" />
<meta property="og:url" content="https://groupeproexpo.com/maries/nous-joindre/" />
<meta property="og:site_name" content="Salon des Mariés de Québec" />
<meta property="article:publisher" content="https://www.facebook.com/salondelamarieequebec/" />
<meta property="article:modified_time" content="2022-02-11T16:35:48+00:00" />
<meta property="og:image" content="https://groupeproexpo.com/maries/wp-content/uploads/sites/3/2016/08/Groupe-Pro-Expo_Logo_Grand.png" />
	<meta property="og:image:width" content="1460" />
	<meta property="og:image:height" content="511" />
	<meta property="og:image:type" content="image/png" />
<meta name="twitter:card" content="summary_large_image" />
<script type="application/ld+json" class="yoast-schema-graph">{"@context":"https://schema.org","@graph":[{"@type":"WebPage","@id":"https://groupeproexpo.com/maries/nous-joindre/","url":"https://groupeproexpo.com/maries/nous-joindre/","name":"Nous joindre - Salon des Mariés de Québec","isPartOf":{"@id":"https://groupeproexpo.com/maries/#website"},"primaryImageOfPage":{"@id":"https://groupeproexpo.com/maries/nous-joindre/#primaryimage"},"image":{"@id":"https://groupeproexpo.com/maries/nous-joindre/#primaryimage"},"thumbnailUrl":"http://groupeproexpo.com/maries/wp-content/uploads/sites/3/2016/08/Groupe-Pro-Expo_Logo_Grand-300x105.png","datePublished":"2016-08-29T19:40:04+00:00","dateModified":"2022-02-11T16:35:48+00:00","breadcrumb":{"@id":"https://groupeproexpo.com/maries/nous-joindre/#breadcrumb"},"inLanguage":"fr-FR","potentialAction":[{"@type":"ReadAction","target":["https://groupeproexpo.com/maries/nous-joindre/"]}]},{"@type":"ImageObject","inLanguage":"fr-FR","@id":"https://groupeproexpo.com/maries/nous-joindre/#primaryimage","url":"http://groupeproexpo.com/maries/wp-content/uploads/sites/3/2016/08/Groupe-Pro-Expo_Logo_Grand-300x105.png","contentUrl":"http://groupeproexpo.com/maries/wp-content/uploads/sites/3/2016/08/Groupe-Pro-Expo_Logo_Grand-300x105.png"},{"@type":"BreadcrumbList","@id":"https://groupeproexpo.com/maries/nous-joindre/#breadcrumb","itemListElement":[{"@type":"ListItem","position":1,"name":"Accueil","item":"https://groupeproexpo.com/maries/"},{"@type":"ListItem","position":2,"name":"Nous joindre"}]},{"@type":"WebSite","@id":"https://groupeproexpo.com/maries/#website","url":"https://groupeproexpo.com/maries/","name":"Salon des Mariés de Québec","description":"17-18 janvier 2026 – Expocité","potentialAction":[{"@type":"SearchAction","target":{"@type":"EntryPoint","urlTemplate":"https://groupeproexpo.com/maries/?s={search_term_string}"},"query-input":{"@type":"PropertyValueSpecification","valueRequired":true,"valueName":"search_term_string"}}],"inLanguage":"fr-FR"}]}</script>
<!-- / Yoast SEO plugin. -->

Nous joindre - Salon des Mariés de Québec

&nbsp; &nbsp; &nbsp; &nbsp; Groupe Pro-Expo 121, rue Ferrée Boischatel (Québec) G0A 1H0 Tél. : 418 877-1919 info@groupeproexpo.com

Salon des Mariés de Québec

17-18 janvier 2026 – Expocité
