{"version":"1.0","provider_name":"Le Salon Carrefour 50 ans +","provider_url":"https:\/\/groupeproexpo.com\/saloncarrefour50ansplus","author_name":"roger","author_url":"https:\/\/groupeproexpo.com\/saloncarrefour50ansplus\/author\/roger\/","title":"AUTORIT\u00c9 DES MARCH\u00c9S FINANCIERS - Le Salon Carrefour 50 ans +","type":"rich","width":600,"height":338,"html":"<blockquote class=\"wp-embedded-content\" data-secret=\"EeEC9DtbTU\"><a href=\"https:\/\/groupeproexpo.com\/saloncarrefour50ansplus\/2017-autorite-marches-financiers\/\">AUTORIT\u00c9 DES MARCH\u00c9S FINANCIERS<\/a><\/blockquote><iframe sandbox=\"allow-scripts\" security=\"restricted\" src=\"https:\/\/groupeproexpo.com\/saloncarrefour50ansplus\/2017-autorite-marches-financiers\/embed\/#?secret=EeEC9DtbTU\" width=\"600\" height=\"338\" title=\"\u00ab\u00a0AUTORIT\u00c9 DES MARCH\u00c9S FINANCIERS\u00a0\u00bb &#8212; Le Salon Carrefour 50 ans +\" data-secret=\"EeEC9DtbTU\" frameborder=\"0\" marginwidth=\"0\" marginheight=\"0\" scrolling=\"no\" class=\"wp-embedded-content\"><\/iframe><script type=\"text\/javascript\">\n\/* <![CDATA[ *\/\n\/*! This file is auto-generated *\/\n!function(d,l){\"use strict\";l.querySelector&&d.addEventListener&&\"undefined\"!=typeof URL&&(d.wp=d.wp||{},d.wp.receiveEmbedMessage||(d.wp.receiveEmbedMessage=function(e){var t=e.data;if((t||t.secret||t.message||t.value)&&!\/[^a-zA-Z0-9]\/.test(t.secret)){for(var s,r,n,a=l.querySelectorAll('iframe[data-secret=\"'+t.secret+'\"]'),o=l.querySelectorAll('blockquote[data-secret=\"'+t.secret+'\"]'),c=new RegExp(\"^https?:$\",\"i\"),i=0;i<o.length;i++)o[i].style.display=\"none\";for(i=0;i<a.length;i++)s=a[i],e.source===s.contentWindow&&(s.removeAttribute(\"style\"),\"height\"===t.message?(1e3<(r=parseInt(t.value,10))?r=1e3:~~r<200&&(r=200),s.height=r):\"link\"===t.message&&(r=new URL(s.getAttribute(\"src\")),n=new URL(t.value),c.test(n.protocol))&&n.host===r.host&&l.activeElement===s&&(d.top.location.href=t.value))}},d.addEventListener(\"message\",d.wp.receiveEmbedMessage,!1),l.addEventListener(\"DOMContentLoaded\",function(){for(var e,t,s=l.querySelectorAll(\"iframe.wp-embedded-content\"),r=0;r<s.length;r++)(t=(e=s[r]).getAttribute(\"data-secret\"))||(t=Math.random().toString(36).substring(2,12),e.src+=\"#?secret=\"+t,e.setAttribute(\"data-secret\",t)),e.contentWindow.postMessage({message:\"ready\",secret:t},\"*\")},!1)))}(window,document);\n\/* ]]> *\/\n<\/script>\n","thumbnail_url":"https:\/\/groupeproexpo.com\/saloncarrefour50ansplus\/wp-content\/uploads\/sites\/9\/2018\/09\/Vignette-finances-cadre-bleu.jpg","thumbnail_width":1920,"thumbnail_height":1080,"description":"L\u2019Autorit\u00e9 des march\u00e9s financiers est l\u2019organisme mandat\u00e9 par le gouvernement du Qu\u00e9bec pour encadrer les activit\u00e9s de distribution de produits et services financiers, les activit\u00e9s de bourse et de compensation, les march\u00e9s de valeurs mobili\u00e8res [...]"}

AUTORITÉ DES MARCHÉS FINANCIERS - Le Salon Carrefour 50 ans +

<blockquote class="wp-embedded-content" data-secret="EeEC9DtbTU"><a href="https://groupeproexpo.com/saloncarrefour50ansplus/2017-autorite-marches-financiers/">AUTORITÉ DES MARCHÉS FINANCIERS</a></blockquote><iframe sandbox="allow-scripts" security="restricted" src="https://groupeproexpo.com/saloncarrefour50ansplus/2017-autorite-marches-financiers/embed/#?secret=EeEC9DtbTU" width="600" height="338" title="« AUTORITÉ DES MARCHÉS FINANCIERS » &#8212; Le Salon Carrefour 50 ans +" data-secret="EeEC9DtbTU" frameborder="0" marginwidth="0" marginheight="0" scrolling="no" class="wp-embedded-content"></iframe><script type="text/javascript">
/* <![CDATA[ */
/*! This file is auto-generated */
!function(d,l){"use strict";l.querySelector&&d.addEventListener&&"undefined"!=typeof URL&&(d.wp=d.wp||{},d.wp.receiveEmbedMessage||(d.wp.receiveEmbedMessage=function(e){var t=e.data;if((t||t.secret||t.message||t.value)&&!/[^a-zA-Z0-9]/.test(t.secret)){for(var s,r,n,a=l.querySelectorAll('iframe[data-secret="'+t.secret+'"]'),o=l.querySelectorAll('blockquote[data-secret="'+t.secret+'"]'),c=new RegExp("^https?:$","i"),i=0;i<o.length;i++)o[i].style.display="none";for(i=0;i<a.length;i++)s=a[i],e.source===s.contentWindow&&(s.removeAttribute("style"),"height"===t.message?(1e3<(r=parseInt(t.value,10))?r=1e3:~~r<200&&(r=200),s.height=r):"link"===t.message&&(r=new URL(s.getAttribute("src")),n=new URL(t.value),c.test(n.protocol))&&n.host===r.host&&l.activeElement===s&&(d.top.location.href=t.value))}},d.addEventListener("message",d.wp.receiveEmbedMessage,!1),l.addEventListener("DOMContentLoaded",function(){for(var e,t,s=l.querySelectorAll("iframe.wp-embedded-content"),r=0;r<s.length;r++)(t=(e=s[r]).getAttribute("data-secret"))||(t=Math.random().toString(36).substring(2,12),e.src+="#?secret="+t,e.setAttribute("data-secret",t)),e.contentWindow.postMessage({message:"ready",secret:t},"*")},!1)))}(window,document);
/* ]]> */
</script>

L’Autorité des marchés financiers est l’organisme mandaté par le gouvernement du Québec pour encadrer les activités de distribution de produits et services financiers, les activités de bourse et de compensation, les marchés de valeurs mobilières [...]
