{"id":24,"date":"2017-07-01T19:12:55","date_gmt":"2017-07-01T19:12:55","guid":{"rendered":"http:\/\/saloncarrefour50ansplus.com\/?page_id=24"},"modified":"2026-03-13T07:33:30","modified_gmt":"2026-03-13T11:33:30","slug":"un-partenaire-de-taille","status":"publish","type":"page","link":"https:\/\/groupeproexpo.com\/saloncarrefour50ansplus\/un-partenaire-de-taille\/","title":{"rendered":"Un partenaire de taille : FADOQ &#8211; R\u00e9gion \u00cele de Montr\u00e9al"},"content":{"rendered":"<p><img loading=\"lazy\" decoding=\"async\" class=\"alignleft wp-image-80\" src=\"http:\/\/saloncarrefour50ansplus.com\/wp-content\/uploads\/2017\/07\/logo-FADOQ-218x300.jpg\" alt=\"\" width=\"118\" height=\"162\" srcset=\"https:\/\/groupeproexpo.com\/saloncarrefour50ansplus\/wp-content\/uploads\/sites\/9\/2017\/07\/logo-FADOQ-218x300.jpg 218w, https:\/\/groupeproexpo.com\/saloncarrefour50ansplus\/wp-content\/uploads\/sites\/9\/2017\/07\/logo-FADOQ-768x1055.jpg 768w, https:\/\/groupeproexpo.com\/saloncarrefour50ansplus\/wp-content\/uploads\/sites\/9\/2017\/07\/logo-FADOQ-745x1024.jpg 745w, https:\/\/groupeproexpo.com\/saloncarrefour50ansplus\/wp-content\/uploads\/sites\/9\/2017\/07\/logo-FADOQ.jpg 803w\" sizes=\"auto, (max-width: 118px) 100vw, 118px\" \/>Pour r\u00e9ussir un tel \u00e9v\u00e9nement, le promoteur s\u2019est assur\u00e9 d\u2019avoir la participation de la FADOQ R\u00e9gion \u00cele de Montr\u00e9al qui en devient partenaire.<\/p>\n<p>La FADOQ R\u00e9gion \u00cele de Montr\u00e9al fait partie des 16 r\u00e9gions composant le r\u00e9seau FADOQ provincial regroupant au total quelque 550 000 membres au Qu\u00e9bec.<\/p>\n<p>La FADOQ R\u00e9gion \u00cele de Montr\u00e9al fera la promotion de l\u2019\u00e9v\u00e9nement aupr\u00e8s de ses membres par le biais de ses moyens de communication. Ses dirigeants sont en contact avec diff\u00e9rents partenaires et organismes du milieu susceptibles d\u2019apporter un plus \u00e0 l\u2019organisation. On ne peut que se r\u00e9jouir de travailler avec un tel partenaire.<\/p>\n<p>&nbsp;<\/p>\n<h3>Madame Jocelyne Wiseman, pr\u00e9sidente FADOQ &#8211; R\u00e9gion \u00cele de Montr\u00e9al<\/h3>\n<p><a href=\"https:\/\/groupeproexpo.com\/saloncarrefour50ansplus\/wp-content\/uploads\/sites\/9\/2019\/05\/recadre-Wiseman.jpg\"><img loading=\"lazy\" decoding=\"async\" class=\"alignleft wp-image-4484 size-medium\" src=\"https:\/\/groupeproexpo.com\/saloncarrefour50ansplus\/wp-content\/uploads\/sites\/9\/2019\/05\/recadre-Wiseman-259x300.jpg\" alt=\"\" width=\"259\" height=\"300\"><\/a><\/p>\n<p>\u00c0 nouveau cette ann\u00e9e, la FADOQ \u2013 R\u00e9gion \u00eele de Montr\u00e9al sera pr\u00e9sente au Salon Carrefour 50 ans +. Cet \u00e9v\u00e8nement est une vitrine exceptionnelle sur les divers enjeux sociaux, culturels, r\u00e9cr\u00e9atifs et d\u2019emplois qui touchent les personnes de 50 ans et plus.<\/p>\n<p>Les personnes a\u00een\u00e9es sont plus actives, curieuses et impliqu\u00e9es dans leur milieu que jamais. La FADOQ aspire \u00e0 les rassembler et les repr\u00e9senter dans le but de contribuer \u00e0 la conservation et l\u2019am\u00e9lioration de leur qualit\u00e9 de vie. Nous faisons la promotion de leurs droits, valorisons leur apport dans la soci\u00e9t\u00e9 et les soutenons par des programmes, services et activit\u00e9s. Ce salon s\u2019imbrique parfaitement dans cette mission.<\/p>\n<p>Que vous soyez un exposant ou un visiteur, nous vous invitons chaleureusement \u00e0 participer au Salon Carrefour 50 ans+. Nous y serons! N\u2019oubliez pas de venir nous saluer \u00e0 notre kiosque.<\/p>\n<p>Jocelyne Wiseman<br \/>\nPr\u00e9sidente<br \/>\nFADOQ \u2013 R\u00e9gion \u00eele de Montr\u00e9al<\/p>\n","protected":false},"excerpt":{"rendered":"<div class=\"mh-excerpt\"><p>Pour r\u00e9ussir un tel \u00e9v\u00e9nement, le promoteur s\u2019est assur\u00e9 d\u2019avoir la participation de la FADOQ R\u00e9gion \u00cele de Montr\u00e9al qui en devient partenaire. La FADOQ R\u00e9gion \u00cele de Montr\u00e9al fait partie des 16 r\u00e9gions composant <a class=\"mh-excerpt-more\" href=\"https:\/\/groupeproexpo.com\/saloncarrefour50ansplus\/un-partenaire-de-taille\/\" title=\"Un partenaire de taille : FADOQ &#8211; R\u00e9gion \u00cele de Montr\u00e9al\">[&#8230;]<\/a><\/p>\n<\/div>","protected":false},"author":1,"featured_media":0,"parent":0,"menu_order":0,"comment_status":"closed","ping_status":"closed","template":"","meta":{"ngg_post_thumbnail":0,"footnotes":""},"class_list":["post-24","page","type-page","status-publish","hentry"],"yoast_head":"<!-- This site is optimized with the Yoast SEO plugin v24.4 - https:\/\/yoast.com\/wordpress\/plugins\/seo\/ -->\n<title>Partenaire FADOQ Montr\u00e9al | Salon Carrefour 50 ans +<\/title>\n<meta name=\"robots\" content=\"index, follow, max-snippet:-1, max-image-preview:large, max-video-preview:-1\" \/>\n<link rel=\"canonical\" href=\"https:\/\/groupeproexpo.com\/saloncarrefour50ansplus\/un-partenaire-de-taille\/\" \/>\n<meta property=\"og:locale\" content=\"fr_FR\" \/>\n<meta property=\"og:type\" content=\"article\" \/>\n<meta property=\"og:title\" content=\"Partenaire FADOQ Montr\u00e9al | Salon Carrefour 50 ans +\" \/>\n<meta property=\"og:description\" content=\"Pour r\u00e9ussir un tel \u00e9v\u00e9nement, le promoteur s\u2019est assur\u00e9 d\u2019avoir la participation de la FADOQ R\u00e9gion \u00cele de Montr\u00e9al qui en devient partenaire. La FADOQ R\u00e9gion \u00cele de Montr\u00e9al fait partie des 16 r\u00e9gions composant [...]\" \/>\n<meta property=\"og:url\" content=\"https:\/\/groupeproexpo.com\/saloncarrefour50ansplus\/un-partenaire-de-taille\/\" \/>\n<meta property=\"og:site_name\" content=\"Le Salon Carrefour 50 ans +\" \/>\n<meta property=\"article:modified_time\" content=\"2026-03-13T11:33:30+00:00\" \/>\n<meta property=\"og:image\" content=\"https:\/\/groupeproexpo.com\/saloncarrefour50ansplus\/wp-content\/uploads\/sites\/9\/2017\/07\/logo-FADOQ.jpg\" \/>\n\t<meta property=\"og:image:width\" content=\"803\" \/>\n\t<meta property=\"og:image:height\" content=\"1103\" \/>\n\t<meta property=\"og:image:type\" content=\"image\/jpeg\" \/>\n<meta name=\"twitter:card\" content=\"summary_large_image\" \/>\n<meta name=\"twitter:label1\" content=\"Dur\u00e9e de lecture estim\u00e9e\" \/>\n\t<meta name=\"twitter:data1\" content=\"2 minutes\" \/>\n<script type=\"application\/ld+json\" class=\"yoast-schema-graph\">{\"@context\":\"https:\/\/schema.org\",\"@graph\":[{\"@type\":\"WebPage\",\"@id\":\"https:\/\/groupeproexpo.com\/saloncarrefour50ansplus\/un-partenaire-de-taille\/\",\"url\":\"https:\/\/groupeproexpo.com\/saloncarrefour50ansplus\/un-partenaire-de-taille\/\",\"name\":\"Partenaire FADOQ Montr\u00e9al | Salon Carrefour 50 ans +\",\"isPartOf\":{\"@id\":\"https:\/\/groupeproexpo.com\/saloncarrefour50ansplus\/#website\"},\"primaryImageOfPage\":{\"@id\":\"https:\/\/groupeproexpo.com\/saloncarrefour50ansplus\/un-partenaire-de-taille\/#primaryimage\"},\"image\":{\"@id\":\"https:\/\/groupeproexpo.com\/saloncarrefour50ansplus\/un-partenaire-de-taille\/#primaryimage\"},\"thumbnailUrl\":\"http:\/\/saloncarrefour50ansplus.com\/wp-content\/uploads\/2017\/07\/logo-FADOQ-218x300.jpg\",\"datePublished\":\"2017-07-01T19:12:55+00:00\",\"dateModified\":\"2026-03-13T11:33:30+00:00\",\"breadcrumb\":{\"@id\":\"https:\/\/groupeproexpo.com\/saloncarrefour50ansplus\/un-partenaire-de-taille\/#breadcrumb\"},\"inLanguage\":\"fr-FR\",\"potentialAction\":[{\"@type\":\"ReadAction\",\"target\":[\"https:\/\/groupeproexpo.com\/saloncarrefour50ansplus\/un-partenaire-de-taille\/\"]}]},{\"@type\":\"ImageObject\",\"inLanguage\":\"fr-FR\",\"@id\":\"https:\/\/groupeproexpo.com\/saloncarrefour50ansplus\/un-partenaire-de-taille\/#primaryimage\",\"url\":\"http:\/\/saloncarrefour50ansplus.com\/wp-content\/uploads\/2017\/07\/logo-FADOQ-218x300.jpg\",\"contentUrl\":\"http:\/\/saloncarrefour50ansplus.com\/wp-content\/uploads\/2017\/07\/logo-FADOQ-218x300.jpg\"},{\"@type\":\"BreadcrumbList\",\"@id\":\"https:\/\/groupeproexpo.com\/saloncarrefour50ansplus\/un-partenaire-de-taille\/#breadcrumb\",\"itemListElement\":[{\"@type\":\"ListItem\",\"position\":1,\"name\":\"Accueil\",\"item\":\"https:\/\/groupeproexpo.com\/saloncarrefour50ansplus\/\"},{\"@type\":\"ListItem\",\"position\":2,\"name\":\"Un partenaire de taille : FADOQ &#8211; R\u00e9gion \u00cele de Montr\u00e9al\"}]},{\"@type\":\"WebSite\",\"@id\":\"https:\/\/groupeproexpo.com\/saloncarrefour50ansplus\/#website\",\"url\":\"https:\/\/groupeproexpo.com\/saloncarrefour50ansplus\/\",\"name\":\"Le Salon Carrefour 50 ans +\",\"description\":\"12 au 14 avril 2024\",\"potentialAction\":[{\"@type\":\"SearchAction\",\"target\":{\"@type\":\"EntryPoint\",\"urlTemplate\":\"https:\/\/groupeproexpo.com\/saloncarrefour50ansplus\/?s={search_term_string}\"},\"query-input\":{\"@type\":\"PropertyValueSpecification\",\"valueRequired\":true,\"valueName\":\"search_term_string\"}}],\"inLanguage\":\"fr-FR\"}]}<\/script>\n<!-- \/ Yoast SEO plugin. -->","yoast_head_json":{"title":"Partenaire FADOQ Montr\u00e9al | Salon Carrefour 50 ans +","robots":{"index":"index","follow":"follow","max-snippet":"max-snippet:-1","max-image-preview":"max-image-preview:large","max-video-preview":"max-video-preview:-1"},"canonical":"https:\/\/groupeproexpo.com\/saloncarrefour50ansplus\/un-partenaire-de-taille\/","og_locale":"fr_FR","og_type":"article","og_title":"Partenaire FADOQ Montr\u00e9al | Salon Carrefour 50 ans +","og_description":"Pour r\u00e9ussir un tel \u00e9v\u00e9nement, le promoteur s\u2019est assur\u00e9 d\u2019avoir la participation de la FADOQ R\u00e9gion \u00cele de Montr\u00e9al qui en devient partenaire. La FADOQ R\u00e9gion \u00cele de Montr\u00e9al fait partie des 16 r\u00e9gions composant [...]","og_url":"https:\/\/groupeproexpo.com\/saloncarrefour50ansplus\/un-partenaire-de-taille\/","og_site_name":"Le Salon Carrefour 50 ans +","article_modified_time":"2026-03-13T11:33:30+00:00","og_image":[{"width":803,"height":1103,"url":"https:\/\/groupeproexpo.com\/saloncarrefour50ansplus\/wp-content\/uploads\/sites\/9\/2017\/07\/logo-FADOQ.jpg","type":"image\/jpeg"}],"twitter_card":"summary_large_image","twitter_misc":{"Dur\u00e9e de lecture estim\u00e9e":"2 minutes"},"schema":{"@context":"https:\/\/schema.org","@graph":[{"@type":"WebPage","@id":"https:\/\/groupeproexpo.com\/saloncarrefour50ansplus\/un-partenaire-de-taille\/","url":"https:\/\/groupeproexpo.com\/saloncarrefour50ansplus\/un-partenaire-de-taille\/","name":"Partenaire FADOQ Montr\u00e9al | Salon Carrefour 50 ans +","isPartOf":{"@id":"https:\/\/groupeproexpo.com\/saloncarrefour50ansplus\/#website"},"primaryImageOfPage":{"@id":"https:\/\/groupeproexpo.com\/saloncarrefour50ansplus\/un-partenaire-de-taille\/#primaryimage"},"image":{"@id":"https:\/\/groupeproexpo.com\/saloncarrefour50ansplus\/un-partenaire-de-taille\/#primaryimage"},"thumbnailUrl":"http:\/\/saloncarrefour50ansplus.com\/wp-content\/uploads\/2017\/07\/logo-FADOQ-218x300.jpg","datePublished":"2017-07-01T19:12:55+00:00","dateModified":"2026-03-13T11:33:30+00:00","breadcrumb":{"@id":"https:\/\/groupeproexpo.com\/saloncarrefour50ansplus\/un-partenaire-de-taille\/#breadcrumb"},"inLanguage":"fr-FR","potentialAction":[{"@type":"ReadAction","target":["https:\/\/groupeproexpo.com\/saloncarrefour50ansplus\/un-partenaire-de-taille\/"]}]},{"@type":"ImageObject","inLanguage":"fr-FR","@id":"https:\/\/groupeproexpo.com\/saloncarrefour50ansplus\/un-partenaire-de-taille\/#primaryimage","url":"http:\/\/saloncarrefour50ansplus.com\/wp-content\/uploads\/2017\/07\/logo-FADOQ-218x300.jpg","contentUrl":"http:\/\/saloncarrefour50ansplus.com\/wp-content\/uploads\/2017\/07\/logo-FADOQ-218x300.jpg"},{"@type":"BreadcrumbList","@id":"https:\/\/groupeproexpo.com\/saloncarrefour50ansplus\/un-partenaire-de-taille\/#breadcrumb","itemListElement":[{"@type":"ListItem","position":1,"name":"Accueil","item":"https:\/\/groupeproexpo.com\/saloncarrefour50ansplus\/"},{"@type":"ListItem","position":2,"name":"Un partenaire de taille : FADOQ &#8211; R\u00e9gion \u00cele de Montr\u00e9al"}]},{"@type":"WebSite","@id":"https:\/\/groupeproexpo.com\/saloncarrefour50ansplus\/#website","url":"https:\/\/groupeproexpo.com\/saloncarrefour50ansplus\/","name":"Le Salon Carrefour 50 ans +","description":"12 au 14 avril 2024","potentialAction":[{"@type":"SearchAction","target":{"@type":"EntryPoint","urlTemplate":"https:\/\/groupeproexpo.com\/saloncarrefour50ansplus\/?s={search_term_string}"},"query-input":{"@type":"PropertyValueSpecification","valueRequired":true,"valueName":"search_term_string"}}],"inLanguage":"fr-FR"}]}},"_links":{"self":[{"href":"https:\/\/groupeproexpo.com\/saloncarrefour50ansplus\/wp-json\/wp\/v2\/pages\/24","targetHints":{"allow":["GET"]}}],"collection":[{"href":"https:\/\/groupeproexpo.com\/saloncarrefour50ansplus\/wp-json\/wp\/v2\/pages"}],"about":[{"href":"https:\/\/groupeproexpo.com\/saloncarrefour50ansplus\/wp-json\/wp\/v2\/types\/page"}],"author":[{"embeddable":true,"href":"https:\/\/groupeproexpo.com\/saloncarrefour50ansplus\/wp-json\/wp\/v2\/users\/1"}],"replies":[{"embeddable":true,"href":"https:\/\/groupeproexpo.com\/saloncarrefour50ansplus\/wp-json\/wp\/v2\/comments?post=24"}],"version-history":[{"count":3,"href":"https:\/\/groupeproexpo.com\/saloncarrefour50ansplus\/wp-json\/wp\/v2\/pages\/24\/revisions"}],"predecessor-version":[{"id":5944,"href":"https:\/\/groupeproexpo.com\/saloncarrefour50ansplus\/wp-json\/wp\/v2\/pages\/24\/revisions\/5944"}],"wp:attachment":[{"href":"https:\/\/groupeproexpo.com\/saloncarrefour50ansplus\/wp-json\/wp\/v2\/media?parent=24"}],"curies":[{"name":"wp","href":"https:\/\/api.w.org\/{rel}","templated":true}]}}