{"id":3046,"date":"2018-03-19T11:11:47","date_gmt":"2018-03-19T11:11:47","guid":{"rendered":"http:\/\/saloncarrefour50ansplus.com\/?page_id=3046"},"modified":"2026-03-13T06:46:01","modified_gmt":"2026-03-13T10:46:01","slug":"est-ce-pour-moi","status":"publish","type":"page","link":"https:\/\/groupeproexpo.com\/saloncarrefour50ansplus\/est-ce-pour-moi\/","title":{"rendered":"Pourquoi visiter le Salon Carrefour 50 ans + ?"},"content":{"rendered":"<p>\u00c0 la recherche d&rsquo;id\u00e9es et de solutions pour mieux vivre apr\u00e8s 50 ans ? Vous les trouverez au <em>Salon Carrefour 50 ans +.<\/em><\/p>\n<figure id=\"attachment_5182\" aria-describedby=\"caption-attachment-5182\" style=\"width: 1500px\" class=\"wp-caption aligncenter\"><img loading=\"lazy\" decoding=\"async\" class=\"size-full wp-image-5182\" src=\"https:\/\/groupeproexpo.com\/saloncarrefour50ansplus\/wp-content\/uploads\/sites\/9\/2019\/11\/web-FREEPIK-pressfoto14482.jpg\" alt=\"\" width=\"1500\" height=\"1000\" srcset=\"https:\/\/groupeproexpo.com\/saloncarrefour50ansplus\/wp-content\/uploads\/sites\/9\/2019\/11\/web-FREEPIK-pressfoto14482.jpg 1500w, https:\/\/groupeproexpo.com\/saloncarrefour50ansplus\/wp-content\/uploads\/sites\/9\/2019\/11\/web-FREEPIK-pressfoto14482-300x200.jpg 300w, https:\/\/groupeproexpo.com\/saloncarrefour50ansplus\/wp-content\/uploads\/sites\/9\/2019\/11\/web-FREEPIK-pressfoto14482-768x512.jpg 768w, https:\/\/groupeproexpo.com\/saloncarrefour50ansplus\/wp-content\/uploads\/sites\/9\/2019\/11\/web-FREEPIK-pressfoto14482-1024x683.jpg 1024w\" sizes=\"auto, (max-width: 1500px) 100vw, 1500px\" \/><figcaption id=\"caption-attachment-5182\" class=\"wp-caption-text\">Freepik pressfoto<\/figcaption><\/figure>\n<p>Nos exposants vous proposent une panoplie d\u2019options pour que votre vie apr\u00e8s 50 ans soit active, s\u00e9curitaire, branch\u00e9e, divertissante, saine et agr\u00e9able&nbsp;: sant\u00e9, voyages,&nbsp; loisirs, alimentation, r\u00e9sidences, services gouvernementaux, articles mode et beaut\u00e9, sports, immobilier, services financiers, soutien informatique\u2026 et plus encore !<\/p>\n<p>Le <em>Salon Carrefour 50 ans +<\/em> se veut une v\u00e9ritable agora d\u2019informations o\u00f9 les visiteurs pourront trouver les r\u00e9ponses \u00e0 leurs questions. Que ce soit \u00e0 propos des d\u00e9fis de l\u2019emploi apr\u00e8s 50 ans, la planification de la retraite, la r\u00e9alit\u00e9 des proches aidants, la vie en condominium ou les options pour prolonger l\u2019autonomie \u00e0 domicile, le <em>Salon Carrefour 50 ans +<\/em> offre une vitrine aux entreprises et aux organismes \u00e0 but non lucratif pour offrir aux visiteurs des ressources et des solutions \u00e0 leurs diff\u00e9rents besoins.<\/p>\n<p>De plus, deux salles sont r\u00e9serv\u00e9es pour un programme continu de conf\u00e9rences afin de compl\u00e9ter l\u2019\u00e9ventail de possibilit\u00e9s pour mieux vivre ses 50 ans et plus. Sans oublier que l\u2019entr\u00e9e est gratuite pour les visiteurs&nbsp;!<\/p>\n<p>Le <em>Salon Carrefour 50 ans +<\/em>, un rendez-vous \u00e0 ne pas manquer !<\/p>\n<p>Si vous \u00eates aidants naturels, si vous allez bient\u00f4t prendre votre retraite, si vous voulez garder la forme et rester zen malgr\u00e9 le temps qui passe, si vous avez des parents en perte d\u2019autonomie, si vous avez besoin d\u2019aide ou de services \u00e0 la maison, si vous voulez amener vos parents dans une escapade inoubliable, si vous pensez d\u00e9m\u00e9nager en r\u00e9sidence, si vous voulez voyager \u00e0 travers le monde en toute s\u00e9curit\u00e9, si vous avez besoin de conseils financiers ou juridiques pour am\u00e9liorer votre qualit\u00e9 de vie \u00e0 la retraite, si vous voulez planifier votre d\u00e9part de fa\u00e7on harmonieuse, si vous avez besoin de conseils en sant\u00e9 et en nutrition, si vous voulez dynamiser&nbsp; votre <em>look<\/em> apr\u00e8s 50 ans, si vous cherchez des produits de qualit\u00e9 pour vous chouchouter, si vous avez besoin de ressources gouvernementales ou communautaires, si vous voulez l\u00e9guer votre histoire \u00e0 vos enfants, si vous voulez en savoir plus sur les enjeux qui concernent les 50 ans et plus, etc., le <em>Salon Carrefour 50 ans +<\/em> est pour vous !&nbsp;&nbsp;<\/p>\n","protected":false},"excerpt":{"rendered":"<div class=\"mh-excerpt\"><p>\u00c0 la recherche d&rsquo;id\u00e9es et de solutions pour mieux vivre apr\u00e8s 50 ans ? Vous les trouverez au Salon Carrefour 50 ans +. Nos exposants vous proposent une panoplie d\u2019options pour que votre vie apr\u00e8s <a class=\"mh-excerpt-more\" href=\"https:\/\/groupeproexpo.com\/saloncarrefour50ansplus\/est-ce-pour-moi\/\" title=\"Pourquoi visiter le Salon Carrefour 50 ans + ?\">[&#8230;]<\/a><\/p>\n<\/div>","protected":false},"author":4,"featured_media":0,"parent":0,"menu_order":0,"comment_status":"closed","ping_status":"closed","template":"","meta":{"ngg_post_thumbnail":0,"footnotes":""},"class_list":["post-3046","page","type-page","status-publish","hentry"],"yoast_head":"<!-- This site is optimized with the Yoast SEO plugin v24.4 - https:\/\/yoast.com\/wordpress\/plugins\/seo\/ -->\n<title>Pourquoi visiter | Salon Carrefour 50 ans + | FADOQ Montr\u00e9al<\/title>\n<meta name=\"robots\" content=\"index, follow, max-snippet:-1, max-image-preview:large, max-video-preview:-1\" \/>\n<link rel=\"canonical\" href=\"https:\/\/groupeproexpo.com\/saloncarrefour50ansplus\/est-ce-pour-moi\/\" \/>\n<meta property=\"og:locale\" content=\"fr_FR\" \/>\n<meta property=\"og:type\" content=\"article\" \/>\n<meta property=\"og:title\" content=\"Pourquoi visiter | Salon Carrefour 50 ans + | FADOQ Montr\u00e9al\" \/>\n<meta property=\"og:description\" content=\"\u00c0 la recherche d&rsquo;id\u00e9es et de solutions pour mieux vivre apr\u00e8s 50 ans ? Vous les trouverez au Salon Carrefour 50 ans +. Nos exposants vous proposent une panoplie d\u2019options pour que votre vie apr\u00e8s [...]\" \/>\n<meta property=\"og:url\" content=\"https:\/\/groupeproexpo.com\/saloncarrefour50ansplus\/est-ce-pour-moi\/\" \/>\n<meta property=\"og:site_name\" content=\"Le Salon Carrefour 50 ans +\" \/>\n<meta property=\"article:modified_time\" content=\"2026-03-13T10:46:01+00:00\" \/>\n<meta property=\"og:image\" content=\"https:\/\/groupeproexpo.com\/saloncarrefour50ansplus\/wp-content\/uploads\/sites\/9\/2019\/11\/web-FREEPIK-pressfoto14482.jpg\" \/>\n\t<meta property=\"og:image:width\" content=\"1500\" \/>\n\t<meta property=\"og:image:height\" content=\"1000\" \/>\n\t<meta property=\"og:image:type\" content=\"image\/jpeg\" \/>\n<meta name=\"twitter:card\" content=\"summary_large_image\" \/>\n<meta name=\"twitter:label1\" content=\"Dur\u00e9e de lecture estim\u00e9e\" \/>\n\t<meta name=\"twitter:data1\" content=\"3 minutes\" \/>\n<script type=\"application\/ld+json\" class=\"yoast-schema-graph\">{\"@context\":\"https:\/\/schema.org\",\"@graph\":[{\"@type\":\"WebPage\",\"@id\":\"https:\/\/groupeproexpo.com\/saloncarrefour50ansplus\/est-ce-pour-moi\/\",\"url\":\"https:\/\/groupeproexpo.com\/saloncarrefour50ansplus\/est-ce-pour-moi\/\",\"name\":\"Pourquoi visiter | Salon Carrefour 50 ans + | FADOQ Montr\u00e9al\",\"isPartOf\":{\"@id\":\"https:\/\/groupeproexpo.com\/saloncarrefour50ansplus\/#website\"},\"primaryImageOfPage\":{\"@id\":\"https:\/\/groupeproexpo.com\/saloncarrefour50ansplus\/est-ce-pour-moi\/#primaryimage\"},\"image\":{\"@id\":\"https:\/\/groupeproexpo.com\/saloncarrefour50ansplus\/est-ce-pour-moi\/#primaryimage\"},\"thumbnailUrl\":\"https:\/\/groupeproexpo.com\/saloncarrefour50ansplus\/wp-content\/uploads\/sites\/9\/2019\/11\/web-FREEPIK-pressfoto14482.jpg\",\"datePublished\":\"2018-03-19T11:11:47+00:00\",\"dateModified\":\"2026-03-13T10:46:01+00:00\",\"breadcrumb\":{\"@id\":\"https:\/\/groupeproexpo.com\/saloncarrefour50ansplus\/est-ce-pour-moi\/#breadcrumb\"},\"inLanguage\":\"fr-FR\",\"potentialAction\":[{\"@type\":\"ReadAction\",\"target\":[\"https:\/\/groupeproexpo.com\/saloncarrefour50ansplus\/est-ce-pour-moi\/\"]}]},{\"@type\":\"ImageObject\",\"inLanguage\":\"fr-FR\",\"@id\":\"https:\/\/groupeproexpo.com\/saloncarrefour50ansplus\/est-ce-pour-moi\/#primaryimage\",\"url\":\"https:\/\/groupeproexpo.com\/saloncarrefour50ansplus\/wp-content\/uploads\/sites\/9\/2019\/11\/web-FREEPIK-pressfoto14482.jpg\",\"contentUrl\":\"https:\/\/groupeproexpo.com\/saloncarrefour50ansplus\/wp-content\/uploads\/sites\/9\/2019\/11\/web-FREEPIK-pressfoto14482.jpg\",\"width\":1500,\"height\":1000,\"caption\":\"Freepik pressfoto\"},{\"@type\":\"BreadcrumbList\",\"@id\":\"https:\/\/groupeproexpo.com\/saloncarrefour50ansplus\/est-ce-pour-moi\/#breadcrumb\",\"itemListElement\":[{\"@type\":\"ListItem\",\"position\":1,\"name\":\"Accueil\",\"item\":\"https:\/\/groupeproexpo.com\/saloncarrefour50ansplus\/\"},{\"@type\":\"ListItem\",\"position\":2,\"name\":\"Pourquoi visiter le Salon Carrefour 50 ans + ?\"}]},{\"@type\":\"WebSite\",\"@id\":\"https:\/\/groupeproexpo.com\/saloncarrefour50ansplus\/#website\",\"url\":\"https:\/\/groupeproexpo.com\/saloncarrefour50ansplus\/\",\"name\":\"Le Salon Carrefour 50 ans +\",\"description\":\"12 au 14 avril 2024\",\"potentialAction\":[{\"@type\":\"SearchAction\",\"target\":{\"@type\":\"EntryPoint\",\"urlTemplate\":\"https:\/\/groupeproexpo.com\/saloncarrefour50ansplus\/?s={search_term_string}\"},\"query-input\":{\"@type\":\"PropertyValueSpecification\",\"valueRequired\":true,\"valueName\":\"search_term_string\"}}],\"inLanguage\":\"fr-FR\"}]}<\/script>\n<!-- \/ Yoast SEO plugin. -->","yoast_head_json":{"title":"Pourquoi visiter | Salon Carrefour 50 ans + | FADOQ Montr\u00e9al","robots":{"index":"index","follow":"follow","max-snippet":"max-snippet:-1","max-image-preview":"max-image-preview:large","max-video-preview":"max-video-preview:-1"},"canonical":"https:\/\/groupeproexpo.com\/saloncarrefour50ansplus\/est-ce-pour-moi\/","og_locale":"fr_FR","og_type":"article","og_title":"Pourquoi visiter | Salon Carrefour 50 ans + | FADOQ Montr\u00e9al","og_description":"\u00c0 la recherche d&rsquo;id\u00e9es et de solutions pour mieux vivre apr\u00e8s 50 ans ? Vous les trouverez au Salon Carrefour 50 ans +. Nos exposants vous proposent une panoplie d\u2019options pour que votre vie apr\u00e8s [...]","og_url":"https:\/\/groupeproexpo.com\/saloncarrefour50ansplus\/est-ce-pour-moi\/","og_site_name":"Le Salon Carrefour 50 ans +","article_modified_time":"2026-03-13T10:46:01+00:00","og_image":[{"width":1500,"height":1000,"url":"https:\/\/groupeproexpo.com\/saloncarrefour50ansplus\/wp-content\/uploads\/sites\/9\/2019\/11\/web-FREEPIK-pressfoto14482.jpg","type":"image\/jpeg"}],"twitter_card":"summary_large_image","twitter_misc":{"Dur\u00e9e de lecture estim\u00e9e":"3 minutes"},"schema":{"@context":"https:\/\/schema.org","@graph":[{"@type":"WebPage","@id":"https:\/\/groupeproexpo.com\/saloncarrefour50ansplus\/est-ce-pour-moi\/","url":"https:\/\/groupeproexpo.com\/saloncarrefour50ansplus\/est-ce-pour-moi\/","name":"Pourquoi visiter | Salon Carrefour 50 ans + | FADOQ Montr\u00e9al","isPartOf":{"@id":"https:\/\/groupeproexpo.com\/saloncarrefour50ansplus\/#website"},"primaryImageOfPage":{"@id":"https:\/\/groupeproexpo.com\/saloncarrefour50ansplus\/est-ce-pour-moi\/#primaryimage"},"image":{"@id":"https:\/\/groupeproexpo.com\/saloncarrefour50ansplus\/est-ce-pour-moi\/#primaryimage"},"thumbnailUrl":"https:\/\/groupeproexpo.com\/saloncarrefour50ansplus\/wp-content\/uploads\/sites\/9\/2019\/11\/web-FREEPIK-pressfoto14482.jpg","datePublished":"2018-03-19T11:11:47+00:00","dateModified":"2026-03-13T10:46:01+00:00","breadcrumb":{"@id":"https:\/\/groupeproexpo.com\/saloncarrefour50ansplus\/est-ce-pour-moi\/#breadcrumb"},"inLanguage":"fr-FR","potentialAction":[{"@type":"ReadAction","target":["https:\/\/groupeproexpo.com\/saloncarrefour50ansplus\/est-ce-pour-moi\/"]}]},{"@type":"ImageObject","inLanguage":"fr-FR","@id":"https:\/\/groupeproexpo.com\/saloncarrefour50ansplus\/est-ce-pour-moi\/#primaryimage","url":"https:\/\/groupeproexpo.com\/saloncarrefour50ansplus\/wp-content\/uploads\/sites\/9\/2019\/11\/web-FREEPIK-pressfoto14482.jpg","contentUrl":"https:\/\/groupeproexpo.com\/saloncarrefour50ansplus\/wp-content\/uploads\/sites\/9\/2019\/11\/web-FREEPIK-pressfoto14482.jpg","width":1500,"height":1000,"caption":"Freepik pressfoto"},{"@type":"BreadcrumbList","@id":"https:\/\/groupeproexpo.com\/saloncarrefour50ansplus\/est-ce-pour-moi\/#breadcrumb","itemListElement":[{"@type":"ListItem","position":1,"name":"Accueil","item":"https:\/\/groupeproexpo.com\/saloncarrefour50ansplus\/"},{"@type":"ListItem","position":2,"name":"Pourquoi visiter le Salon Carrefour 50 ans + ?"}]},{"@type":"WebSite","@id":"https:\/\/groupeproexpo.com\/saloncarrefour50ansplus\/#website","url":"https:\/\/groupeproexpo.com\/saloncarrefour50ansplus\/","name":"Le Salon Carrefour 50 ans +","description":"12 au 14 avril 2024","potentialAction":[{"@type":"SearchAction","target":{"@type":"EntryPoint","urlTemplate":"https:\/\/groupeproexpo.com\/saloncarrefour50ansplus\/?s={search_term_string}"},"query-input":{"@type":"PropertyValueSpecification","valueRequired":true,"valueName":"search_term_string"}}],"inLanguage":"fr-FR"}]}},"_links":{"self":[{"href":"https:\/\/groupeproexpo.com\/saloncarrefour50ansplus\/wp-json\/wp\/v2\/pages\/3046","targetHints":{"allow":["GET"]}}],"collection":[{"href":"https:\/\/groupeproexpo.com\/saloncarrefour50ansplus\/wp-json\/wp\/v2\/pages"}],"about":[{"href":"https:\/\/groupeproexpo.com\/saloncarrefour50ansplus\/wp-json\/wp\/v2\/types\/page"}],"author":[{"embeddable":true,"href":"https:\/\/groupeproexpo.com\/saloncarrefour50ansplus\/wp-json\/wp\/v2\/users\/4"}],"replies":[{"embeddable":true,"href":"https:\/\/groupeproexpo.com\/saloncarrefour50ansplus\/wp-json\/wp\/v2\/comments?post=3046"}],"version-history":[{"count":12,"href":"https:\/\/groupeproexpo.com\/saloncarrefour50ansplus\/wp-json\/wp\/v2\/pages\/3046\/revisions"}],"predecessor-version":[{"id":6378,"href":"https:\/\/groupeproexpo.com\/saloncarrefour50ansplus\/wp-json\/wp\/v2\/pages\/3046\/revisions\/6378"}],"wp:attachment":[{"href":"https:\/\/groupeproexpo.com\/saloncarrefour50ansplus\/wp-json\/wp\/v2\/media?parent=3046"}],"curies":[{"name":"wp","href":"https:\/\/api.w.org\/{rel}","templated":true}]}}