{"id":29,"date":"2017-11-19T19:45:52","date_gmt":"2017-11-19T18:45:52","guid":{"rendered":"http:\/\/groupeproexpo.com\/fadoq\/?page_id=29"},"modified":"2025-10-06T08:57:16","modified_gmt":"2025-10-06T12:57:16","slug":"lieu","status":"publish","type":"page","link":"https:\/\/groupeproexpo.com\/salonfadoq\/lieu\/","title":{"rendered":"Lieu"},"content":{"rendered":"<p><img loading=\"lazy\" decoding=\"async\" class=\"size-full wp-image-35 alignleft\" src=\"http:\/\/groupeproexpo.com\/mariee\/wp-content\/uploads\/sites\/3\/2016\/08\/img_centre_de_foires.jpg\" alt=\"\" width=\"655\" height=\"251\"><\/p>\n<p><strong>Centre de Foires de Qu\u00e9bec<\/strong><\/p>\n<p>2005, rue de l\u2019Exposition (Qu\u00e9bec) G1L 0B7<\/p>\n<p>Situ\u00e9 au carrefour des principaux axes routiers et \u00e0 moins de 20 minutes de l\u2019a\u00e9roport, le Centre de foires est facile d\u2019acc\u00e8s de tous les points de vue :<\/p>\n<p>&#8211; en automobile<br \/>\n&#8211; transport en commun<br \/>\n&#8211; de l\u2019a\u00e9roport<\/p>\n<p>&nbsp;<\/p>\n<p>&nbsp;<\/p>\n","protected":false},"excerpt":{"rendered":"<div class=\"mh-excerpt\"><p>Centre de Foires de Qu\u00e9bec 2005, rue de l\u2019Exposition (Qu\u00e9bec) G1L 0B7 Situ\u00e9 au carrefour des principaux axes routiers et \u00e0 moins de 20 minutes de l\u2019a\u00e9roport, le Centre de foires est facile d\u2019acc\u00e8s de <a class=\"mh-excerpt-more\" href=\"https:\/\/groupeproexpo.com\/salonfadoq\/lieu\/\" title=\"Lieu\">[&#8230;]<\/a><\/p>\n<\/div>","protected":false},"author":1,"featured_media":0,"parent":0,"menu_order":0,"comment_status":"closed","ping_status":"closed","template":"","meta":{"ngg_post_thumbnail":0,"footnotes":""},"class_list":["post-29","page","type-page","status-publish","hentry"],"yoast_head":"<!-- This site is optimized with the Yoast SEO plugin v24.4 - https:\/\/yoast.com\/wordpress\/plugins\/seo\/ -->\n<title>Lieu - Le Salon FADOQ 50 ans+<\/title>\n<meta name=\"robots\" content=\"index, follow, max-snippet:-1, max-image-preview:large, max-video-preview:-1\" \/>\n<link rel=\"canonical\" href=\"https:\/\/groupeproexpo.com\/salonfadoq\/lieu\/\" \/>\n<meta property=\"og:locale\" content=\"fr_FR\" \/>\n<meta property=\"og:type\" content=\"article\" \/>\n<meta property=\"og:title\" content=\"Lieu - Le Salon FADOQ 50 ans+\" \/>\n<meta property=\"og:description\" content=\"Centre de Foires de Qu\u00e9bec 2005, rue de l\u2019Exposition (Qu\u00e9bec) G1L 0B7 Situ\u00e9 au carrefour des principaux axes routiers et \u00e0 moins de 20 minutes de l\u2019a\u00e9roport, le Centre de foires est facile d\u2019acc\u00e8s de [...]\" \/>\n<meta property=\"og:url\" content=\"https:\/\/groupeproexpo.com\/salonfadoq\/lieu\/\" \/>\n<meta property=\"og:site_name\" content=\"Le Salon FADOQ 50 ans+\" \/>\n<meta property=\"article:modified_time\" content=\"2025-10-06T12:57:16+00:00\" \/>\n<meta name=\"twitter:card\" content=\"summary_large_image\" \/>\n<meta name=\"twitter:label1\" content=\"Dur\u00e9e de lecture estim\u00e9e\" \/>\n\t<meta name=\"twitter:data1\" content=\"1 minute\" \/>\n<script type=\"application\/ld+json\" class=\"yoast-schema-graph\">{\"@context\":\"https:\/\/schema.org\",\"@graph\":[{\"@type\":\"WebPage\",\"@id\":\"https:\/\/groupeproexpo.com\/salonfadoq\/lieu\/\",\"url\":\"https:\/\/groupeproexpo.com\/salonfadoq\/lieu\/\",\"name\":\"Lieu - Le Salon FADOQ 50 ans+\",\"isPartOf\":{\"@id\":\"https:\/\/groupeproexpo.com\/salonfadoq\/#website\"},\"primaryImageOfPage\":{\"@id\":\"https:\/\/groupeproexpo.com\/salonfadoq\/lieu\/#primaryimage\"},\"image\":{\"@id\":\"https:\/\/groupeproexpo.com\/salonfadoq\/lieu\/#primaryimage\"},\"thumbnailUrl\":\"http:\/\/groupeproexpo.com\/mariee\/wp-content\/uploads\/sites\/3\/2016\/08\/img_centre_de_foires.jpg\",\"datePublished\":\"2017-11-19T18:45:52+00:00\",\"dateModified\":\"2025-10-06T12:57:16+00:00\",\"breadcrumb\":{\"@id\":\"https:\/\/groupeproexpo.com\/salonfadoq\/lieu\/#breadcrumb\"},\"inLanguage\":\"fr-FR\",\"potentialAction\":[{\"@type\":\"ReadAction\",\"target\":[\"https:\/\/groupeproexpo.com\/salonfadoq\/lieu\/\"]}]},{\"@type\":\"ImageObject\",\"inLanguage\":\"fr-FR\",\"@id\":\"https:\/\/groupeproexpo.com\/salonfadoq\/lieu\/#primaryimage\",\"url\":\"http:\/\/groupeproexpo.com\/mariee\/wp-content\/uploads\/sites\/3\/2016\/08\/img_centre_de_foires.jpg\",\"contentUrl\":\"http:\/\/groupeproexpo.com\/mariee\/wp-content\/uploads\/sites\/3\/2016\/08\/img_centre_de_foires.jpg\"},{\"@type\":\"BreadcrumbList\",\"@id\":\"https:\/\/groupeproexpo.com\/salonfadoq\/lieu\/#breadcrumb\",\"itemListElement\":[{\"@type\":\"ListItem\",\"position\":1,\"name\":\"Accueil\",\"item\":\"https:\/\/groupeproexpo.com\/salonfadoq\/\"},{\"@type\":\"ListItem\",\"position\":2,\"name\":\"Lieu\"}]},{\"@type\":\"WebSite\",\"@id\":\"https:\/\/groupeproexpo.com\/salonfadoq\/#website\",\"url\":\"https:\/\/groupeproexpo.com\/salonfadoq\/\",\"name\":\"Le Salon FADOQ 50 ans+\",\"description\":\"16 au 18 octobre 2026\",\"potentialAction\":[{\"@type\":\"SearchAction\",\"target\":{\"@type\":\"EntryPoint\",\"urlTemplate\":\"https:\/\/groupeproexpo.com\/salonfadoq\/?s={search_term_string}\"},\"query-input\":{\"@type\":\"PropertyValueSpecification\",\"valueRequired\":true,\"valueName\":\"search_term_string\"}}],\"inLanguage\":\"fr-FR\"}]}<\/script>\n<!-- \/ Yoast SEO plugin. -->","yoast_head_json":{"title":"Lieu - Le Salon FADOQ 50 ans+","robots":{"index":"index","follow":"follow","max-snippet":"max-snippet:-1","max-image-preview":"max-image-preview:large","max-video-preview":"max-video-preview:-1"},"canonical":"https:\/\/groupeproexpo.com\/salonfadoq\/lieu\/","og_locale":"fr_FR","og_type":"article","og_title":"Lieu - Le Salon FADOQ 50 ans+","og_description":"Centre de Foires de Qu\u00e9bec 2005, rue de l\u2019Exposition (Qu\u00e9bec) G1L 0B7 Situ\u00e9 au carrefour des principaux axes routiers et \u00e0 moins de 20 minutes de l\u2019a\u00e9roport, le Centre de foires est facile d\u2019acc\u00e8s de [...]","og_url":"https:\/\/groupeproexpo.com\/salonfadoq\/lieu\/","og_site_name":"Le Salon FADOQ 50 ans+","article_modified_time":"2025-10-06T12:57:16+00:00","twitter_card":"summary_large_image","twitter_misc":{"Dur\u00e9e de lecture estim\u00e9e":"1 minute"},"schema":{"@context":"https:\/\/schema.org","@graph":[{"@type":"WebPage","@id":"https:\/\/groupeproexpo.com\/salonfadoq\/lieu\/","url":"https:\/\/groupeproexpo.com\/salonfadoq\/lieu\/","name":"Lieu - Le Salon FADOQ 50 ans+","isPartOf":{"@id":"https:\/\/groupeproexpo.com\/salonfadoq\/#website"},"primaryImageOfPage":{"@id":"https:\/\/groupeproexpo.com\/salonfadoq\/lieu\/#primaryimage"},"image":{"@id":"https:\/\/groupeproexpo.com\/salonfadoq\/lieu\/#primaryimage"},"thumbnailUrl":"http:\/\/groupeproexpo.com\/mariee\/wp-content\/uploads\/sites\/3\/2016\/08\/img_centre_de_foires.jpg","datePublished":"2017-11-19T18:45:52+00:00","dateModified":"2025-10-06T12:57:16+00:00","breadcrumb":{"@id":"https:\/\/groupeproexpo.com\/salonfadoq\/lieu\/#breadcrumb"},"inLanguage":"fr-FR","potentialAction":[{"@type":"ReadAction","target":["https:\/\/groupeproexpo.com\/salonfadoq\/lieu\/"]}]},{"@type":"ImageObject","inLanguage":"fr-FR","@id":"https:\/\/groupeproexpo.com\/salonfadoq\/lieu\/#primaryimage","url":"http:\/\/groupeproexpo.com\/mariee\/wp-content\/uploads\/sites\/3\/2016\/08\/img_centre_de_foires.jpg","contentUrl":"http:\/\/groupeproexpo.com\/mariee\/wp-content\/uploads\/sites\/3\/2016\/08\/img_centre_de_foires.jpg"},{"@type":"BreadcrumbList","@id":"https:\/\/groupeproexpo.com\/salonfadoq\/lieu\/#breadcrumb","itemListElement":[{"@type":"ListItem","position":1,"name":"Accueil","item":"https:\/\/groupeproexpo.com\/salonfadoq\/"},{"@type":"ListItem","position":2,"name":"Lieu"}]},{"@type":"WebSite","@id":"https:\/\/groupeproexpo.com\/salonfadoq\/#website","url":"https:\/\/groupeproexpo.com\/salonfadoq\/","name":"Le Salon FADOQ 50 ans+","description":"16 au 18 octobre 2026","potentialAction":[{"@type":"SearchAction","target":{"@type":"EntryPoint","urlTemplate":"https:\/\/groupeproexpo.com\/salonfadoq\/?s={search_term_string}"},"query-input":{"@type":"PropertyValueSpecification","valueRequired":true,"valueName":"search_term_string"}}],"inLanguage":"fr-FR"}]}},"_links":{"self":[{"href":"https:\/\/groupeproexpo.com\/salonfadoq\/wp-json\/wp\/v2\/pages\/29","targetHints":{"allow":["GET"]}}],"collection":[{"href":"https:\/\/groupeproexpo.com\/salonfadoq\/wp-json\/wp\/v2\/pages"}],"about":[{"href":"https:\/\/groupeproexpo.com\/salonfadoq\/wp-json\/wp\/v2\/types\/page"}],"author":[{"embeddable":true,"href":"https:\/\/groupeproexpo.com\/salonfadoq\/wp-json\/wp\/v2\/users\/1"}],"replies":[{"embeddable":true,"href":"https:\/\/groupeproexpo.com\/salonfadoq\/wp-json\/wp\/v2\/comments?post=29"}],"version-history":[{"count":7,"href":"https:\/\/groupeproexpo.com\/salonfadoq\/wp-json\/wp\/v2\/pages\/29\/revisions"}],"predecessor-version":[{"id":1233,"href":"https:\/\/groupeproexpo.com\/salonfadoq\/wp-json\/wp\/v2\/pages\/29\/revisions\/1233"}],"wp:attachment":[{"href":"https:\/\/groupeproexpo.com\/salonfadoq\/wp-json\/wp\/v2\/media?parent=29"}],"curies":[{"name":"wp","href":"https:\/\/api.w.org\/{rel}","templated":true}]}}

<p><img loading="lazy" decoding="async" class="size-full wp-image-35 alignleft" src="http://groupeproexpo.com/mariee/wp-content/uploads/sites/3/2016/08/img_centre_de_foires.jpg" alt="" width="655" height="251"></p>
<p><strong>Centre de Foires de Québec</strong></p>
<p>2005, rue de l’Exposition (Québec) G1L 0B7</p>
<p>Situé au carrefour des principaux axes routiers et à moins de 20 minutes de l’aéroport, le Centre de foires est facile d’accès de tous les points de vue :</p>
<p>&#8211; en automobile<br />
&#8211; transport en commun<br />
&#8211; de l’aéroport</p>
<p>&nbsp;</p>
<p>&nbsp;</p>

<div class="mh-excerpt"><p>Centre de Foires de Québec 2005, rue de l’Exposition (Québec) G1L 0B7 Situé au carrefour des principaux axes routiers et à moins de 20 minutes de l’aéroport, le Centre de foires est facile d’accès de <a class="mh-excerpt-more" href="https://groupeproexpo.com/salonfadoq/lieu/" title="Lieu">[&#8230;]</a></p>
</div>

<!-- This site is optimized with the Yoast SEO plugin v24.4 - https://yoast.com/wordpress/plugins/seo/ -->
<title>Lieu - Le Salon FADOQ 50 ans+</title>
<meta name="robots" content="index, follow, max-snippet:-1, max-image-preview:large, max-video-preview:-1" />
<link rel="canonical" href="https://groupeproexpo.com/salonfadoq/lieu/" />
<meta property="og:locale" content="fr_FR" />
<meta property="og:type" content="article" />
<meta property="og:title" content="Lieu - Le Salon FADOQ 50 ans+" />
<meta property="og:description" content="Centre de Foires de Québec 2005, rue de l’Exposition (Québec) G1L 0B7 Situé au carrefour des principaux axes routiers et à moins de 20 minutes de l’aéroport, le Centre de foires est facile d’accès de [...]" />
<meta property="og:url" content="https://groupeproexpo.com/salonfadoq/lieu/" />
<meta property="og:site_name" content="Le Salon FADOQ 50 ans+" />
<meta property="article:modified_time" content="2025-10-06T12:57:16+00:00" />
<meta name="twitter:card" content="summary_large_image" />
<meta name="twitter:label1" content="Durée de lecture estimée" />
	<meta name="twitter:data1" content="1 minute" />
<script type="application/ld+json" class="yoast-schema-graph">{"@context":"https://schema.org","@graph":[{"@type":"WebPage","@id":"https://groupeproexpo.com/salonfadoq/lieu/","url":"https://groupeproexpo.com/salonfadoq/lieu/","name":"Lieu - Le Salon FADOQ 50 ans+","isPartOf":{"@id":"https://groupeproexpo.com/salonfadoq/#website"},"primaryImageOfPage":{"@id":"https://groupeproexpo.com/salonfadoq/lieu/#primaryimage"},"image":{"@id":"https://groupeproexpo.com/salonfadoq/lieu/#primaryimage"},"thumbnailUrl":"http://groupeproexpo.com/mariee/wp-content/uploads/sites/3/2016/08/img_centre_de_foires.jpg","datePublished":"2017-11-19T18:45:52+00:00","dateModified":"2025-10-06T12:57:16+00:00","breadcrumb":{"@id":"https://groupeproexpo.com/salonfadoq/lieu/#breadcrumb"},"inLanguage":"fr-FR","potentialAction":[{"@type":"ReadAction","target":["https://groupeproexpo.com/salonfadoq/lieu/"]}]},{"@type":"ImageObject","inLanguage":"fr-FR","@id":"https://groupeproexpo.com/salonfadoq/lieu/#primaryimage","url":"http://groupeproexpo.com/mariee/wp-content/uploads/sites/3/2016/08/img_centre_de_foires.jpg","contentUrl":"http://groupeproexpo.com/mariee/wp-content/uploads/sites/3/2016/08/img_centre_de_foires.jpg"},{"@type":"BreadcrumbList","@id":"https://groupeproexpo.com/salonfadoq/lieu/#breadcrumb","itemListElement":[{"@type":"ListItem","position":1,"name":"Accueil","item":"https://groupeproexpo.com/salonfadoq/"},{"@type":"ListItem","position":2,"name":"Lieu"}]},{"@type":"WebSite","@id":"https://groupeproexpo.com/salonfadoq/#website","url":"https://groupeproexpo.com/salonfadoq/","name":"Le Salon FADOQ 50 ans+","description":"16 au 18 octobre 2026","potentialAction":[{"@type":"SearchAction","target":{"@type":"EntryPoint","urlTemplate":"https://groupeproexpo.com/salonfadoq/?s={search_term_string}"},"query-input":{"@type":"PropertyValueSpecification","valueRequired":true,"valueName":"search_term_string"}}],"inLanguage":"fr-FR"}]}</script>
<!-- / Yoast SEO plugin. -->

Centre de Foires de Québec 2005, rue de l’Exposition (Québec) G1L 0B7 Situé au carrefour des principaux axes routiers et à moins de 20 minutes de l’aéroport, le Centre de foires est facile d’accès de [...]
